{"id":11284,"date":"2014-01-04T02:54:19","date_gmt":"2014-01-04T01:54:19","guid":{"rendered":"http:\/\/www.candice-nguyen.com\/?page_id=11284"},"modified":"2025-01-30T17:55:45","modified_gmt":"2025-01-30T16:55:45","slug":"tiny-tears","status":"publish","type":"page","link":"https:\/\/www.candice-nguyen.com\/fragments\/galeries\/interludes\/tiny-tears\/","title":{"rendered":"tiny tears"},"content":{"rendered":"<p style=\"text-align: left;\"><a href=\"http:\/\/www.candice-nguyen.com\/wp-content\/uploads\/2014\/01\/petites-gouttes-eau.jpg\" title=\"'ve been lying in bed for a week now\nwondering how long it'll take\nyou haven't spoken or looked at her in all that time\nit's the easiest line you could break\nshe's been going about her business as usual\nalways with that melancholy smile\nbut you were too busy looking into your affairs\nto see those tiny tears in her eyes\nTiny tears make up an ocean\ntiny tears make up a sea\nlet them pour out, pour out all over\ndon't let them pour all over me\nHow can you hurt someone so much your supposed to care for\nsomeone you said you'd always be there for\nbut when that water breaks you know you're gonna cry, cry\nwhen those tears start rolling you'll be back\nTiny tears...\nYou've been thinking about the time, you've been dreading it\nbut now it seems that moment has arrived\nshe's at the edge of the bed, she gets in\nbut it's hard to turn the opposite way tonight\nTiny tears...\nTindersticks, Petites gouttes d'eau\" data-rel=\"lightbox-gallery-V40Y6JY7\" data-rl_title=\"\" data-rl_caption=\"\"><img decoding=\"async\" src=\"http:\/\/www.candice-nguyen.com\/wp-content\/uploads\/2014\/01\/cafe.jpg\" alt=\"petites gouttes d&#039;eau\" width=\"450\"  class=\"alignleft size-full wp-image-11368\" srcset=\"https:\/\/www.candice-nguyen.com\/fragments\/wp-content\/uploads\/2014\/01\/cafe.jpg 800w, https:\/\/www.candice-nguyen.com\/fragments\/wp-content\/uploads\/2014\/01\/cafe-70x140.jpg 70w, https:\/\/www.candice-nguyen.com\/fragments\/wp-content\/uploads\/2014\/01\/cafe-157x315.jpg 157w, https:\/\/www.candice-nguyen.com\/fragments\/wp-content\/uploads\/2014\/01\/cafe-315x630.jpg 315w, https:\/\/www.candice-nguyen.com\/fragments\/wp-content\/uploads\/2014\/01\/cafe-700x1400.jpg 700w, https:\/\/www.candice-nguyen.com\/fragments\/wp-content\/uploads\/2014\/01\/cafe-332x664.jpg 332w\" sizes=\"(max-width: 800px) 100vw, 800px\" \/><\/a><br \/>\n<div class=\"compact_audio_player_wrapper\"><div class=\"sc_player_container1\"><input type=\"button\" id=\"btnplay_69d77847cdda01.78861478\" class=\"myButton_play\" onClick=\"play_mp3('play','69d77847cdda01.78861478','http:\/\/www.candice-nguyen.com\/wp-content\/uploads\/2014\/01\/08-Petites-Gouttes-Deau.mp3','80','false');show_hide('play','69d77847cdda01.78861478');\" \/><input type=\"button\"  id=\"btnstop_69d77847cdda01.78861478\" style=\"display:none\" class=\"myButton_stop\" onClick=\"play_mp3('stop','69d77847cdda01.78861478','','80','false');show_hide('stop','69d77847cdda01.78861478');\" \/><div id=\"sm2-container\"><!-- flash movie ends up here --><\/div><\/div><\/div> <span style=\"font-size: 100%; font-family: Oswald; font-weight: 300;\">Tindersticks &#8211; Petites gouttes d&#8217;eau<\/span><\/p>\n<p style=\"text-align: right;\"><span style=\"font-size: 120%; line-height: 1.8em; font-family: Oswald; font-weight: 300;\">\u00ab Le soleil se couche lentement,<br \/>\ndans une pi\u00e8ce vide, contre cette lampe, sur cette table o\u00f9 l&#8217;homme pench\u00e9 ramasse des brins de paille et consid\u00e8re l&#8217;inclinaison de sa vie \u00bb<\/span><br \/>\n<span style=\"font-size: 110%; line-height: 1.8em; font-family: Oswald; font-weight: 450;\">Maulpoix, Pas sur la neige<\/span><\/p>\n<p style=\"text-align: left;\"><span style=\"font-size: 120%; line-height: 1.8em; font-family: Oswald; font-weight: 300;\">\u00ab Que d&#8217;ann\u00e9es \u00e0 se d\u00e9faire du pli, \u00e0 se d\u00e9lester des chim\u00e8res, \u00e0 se d\u00e9crasser des niaiseries, \u00e0 rompre le cercle \u00e9touffant de la faute et du rachat, \u00e0 prendre le large loin de ces tenaces mais si touchantes impostures auxquelles buttent les furieux \u00e9lans de l&#8217;enfance fa\u00e7onn\u00e9e \u00bb<\/span><br \/>\n<span style=\"font-size: 110%; line-height: 1.8em; font-family: Oswald; font-weight: 450;\">Louis-Ren\u00e9 Des For\u00eats, Ostinato<\/span><\/p>\n<p style=\"text-align: right;\"><span style=\"font-size: 120%; line-height: 1.8em; font-family: Oswald; font-weight: 300;\">\u00ab Devant la fen\u00eatre : le passage des citadins,<br \/>\nLes camions qui trompettent, le bruissement de la pluie,<br \/>\nLes sifflets des miliciens,<br \/>\nLe soleil qui se l\u00e8ve, le matin qui vient,<br \/>\nLes \u00e9toiles qui paraissent, la nuit qui tombe,<br \/>\nEt le ciel tour \u00e0 tour devenu clair et sombre.<\/span><\/p>\n<p style=\"text-align: right;\"><span style=\"font-size: 120%; line-height: 1.8em; font-family: Oswald; font-weight: 300;\">J&#8217;aimais la ville comme un \u00e9tranger,<br \/>\nJ&#8217;\u00e9tais rempli d&#8217;heureuses impressions.<br \/>\nJ&#8217;aimais le nouveau pour sa nouveaut\u00e9,<br \/>\nEt le tout venant pour le tout venant.<br \/>\nComme le monde \u00e0 quatre dimensions,<br \/>\nL&#8217;avenir \u00e9tait bien \u00e0 ma taille. \u00bb<\/span><br \/>\n<span style=\"font-size: 110%; line-height: 1.5em; font-family: Oswald; font-weight: 450;\">Ars\u00e9ni Tarkovski, L&#8217;avenir seul<\/span><\/p>\n<p><span style=\"text-align: left;\"><span style=\"font-size: 120%; line-height: 1.8em; font-family: Oswald; font-weight: 300;\">\u00ab Et vers l&#8217;horizon l&#8217;affairement de ces vagues press\u00e9es, toujours ce branle-bas d&#8217;\u00e9cumes, cette usine d&#8217;\u00e9meutes, ces embarras de nuages ray\u00e9s de grains et de soleil, ce train hargneux des houles, cette h\u00e2te in\u00e9puisable de la mer \u00e0 l&#8217;arri\u00e8re-plan \u00bb<\/span><br \/>\n<span style=\"font-size: 110%; line-height: 1.8em; font-family: Oswald; font-weight: 450;\">Julien Gracq, Un beau t\u00e9n\u00e9breux<\/span><\/span><br \/>\n&nbsp;<br \/>\n&nbsp;<\/p>\n<p style=\"font-size: 110%; line-height: 1.8em; font-family: Oswald; font-weight: 300; padding-right: 20px;\" align=\"right\">Retour <a href=\"http:\/\/www.candice-nguyen.com\/fragments\/galeries\/interludes\/\">#INTERLUDES<\/a><\/p>\n","protected":false},"excerpt":{"rendered":"<p>Tindersticks &#8211; Petites gouttes d&#8217;eau \u00ab Le soleil se couche lentement, dans une pi\u00e8ce vide, contre cette lampe, sur cette table o\u00f9 l&#8217;homme pench\u00e9 ramasse des brins de paille et consid\u00e8re l&#8217;inclinaison de sa vie \u00bb Maulpoix, Pas sur la neige \u00ab Que d&#8217;ann\u00e9es \u00e0 se d\u00e9faire du pli, \u00e0 se d\u00e9lester des chim\u00e8res, \u00e0 [&hellip;]<\/p>\n","protected":false},"author":3,"featured_media":0,"parent":10807,"menu_order":0,"comment_status":"closed","ping_status":"closed","template":"","meta":{"footnotes":""},"class_list":["post-11284","page","type-page","status-publish","hentry"],"aioseo_notices":[],"_links":{"self":[{"href":"https:\/\/www.candice-nguyen.com\/fragments\/wp-json\/wp\/v2\/pages\/11284","targetHints":{"allow":["GET"]}}],"collection":[{"href":"https:\/\/www.candice-nguyen.com\/fragments\/wp-json\/wp\/v2\/pages"}],"about":[{"href":"https:\/\/www.candice-nguyen.com\/fragments\/wp-json\/wp\/v2\/types\/page"}],"author":[{"embeddable":true,"href":"https:\/\/www.candice-nguyen.com\/fragments\/wp-json\/wp\/v2\/users\/3"}],"replies":[{"embeddable":true,"href":"https:\/\/www.candice-nguyen.com\/fragments\/wp-json\/wp\/v2\/comments?post=11284"}],"version-history":[{"count":80,"href":"https:\/\/www.candice-nguyen.com\/fragments\/wp-json\/wp\/v2\/pages\/11284\/revisions"}],"predecessor-version":[{"id":23266,"href":"https:\/\/www.candice-nguyen.com\/fragments\/wp-json\/wp\/v2\/pages\/11284\/revisions\/23266"}],"up":[{"embeddable":true,"href":"https:\/\/www.candice-nguyen.com\/fragments\/wp-json\/wp\/v2\/pages\/10807"}],"wp:attachment":[{"href":"https:\/\/www.candice-nguyen.com\/fragments\/wp-json\/wp\/v2\/media?parent=11284"}],"curies":[{"name":"wp","href":"https:\/\/api.w.org\/{rel}","templated":true}]}}