{"id":11612,"date":"2014-02-07T17:14:12","date_gmt":"2014-02-07T16:14:12","guid":{"rendered":"http:\/\/www.candice-nguyen.com\/?page_id=11612"},"modified":"2023-02-22T13:13:57","modified_gmt":"2023-02-22T12:13:57","slug":"de-myvatn-a-namafjall-hverir-francois-bon","status":"publish","type":"page","link":"https:\/\/www.candice-nguyen.com\/fragments\/galeries\/for-now-i-am-winter\/de-myvatn-a-namafjall-hverir-francois-bon\/","title":{"rendered":"For now I am winter: de M\u00fdvatn \u00e0 N\u00e1mafjall Hverir by Fran\u00e7ois Bon"},"content":{"rendered":"<p><span style=\"font-size: 150%; line-height: 1.5em; font-family: Oswald; font-weight: 500;\">#VasesCommunicants<\/span><\/p>\n<div class=\"compact_audio_player_wrapper\"><div class=\"sc_player_container1\"><input type=\"button\" id=\"btnplay_69fb131c8b6b28.58749542\" class=\"myButton_play\" onClick=\"play_mp3('play','69fb131c8b6b28.58749542','https:\/\/www.candice-nguyen.com\/wp-content\/uploads\/2014\/02\/og-lengra-x-Naked.mp3','80','false');show_hide('play','69fb131c8b6b28.58749542');\" \/><input type=\"button\"  id=\"btnstop_69fb131c8b6b28.58749542\" style=\"display:none\" class=\"myButton_stop\" onClick=\"play_mp3('stop','69fb131c8b6b28.58749542','','80','false');show_hide('stop','69fb131c8b6b28.58749542');\" \/><div id=\"sm2-container\"><!-- flash movie ends up here --><\/div><\/div><\/div>\n<span style=\"font-size: 100%; line-height: 1.5em; font-family: Oswald; font-weight: 300;\">\u00d3lafur Arnalds x Mike Leigh &#8211; &#8230;og lengra x Naked OST<\/span><\/p>\n<p><a title=\"\" href=\"http:\/\/www.candice-nguyen.com\/wp-content\/uploads\/2014\/02\/1_Myvatn_FB.jpg\" data-rel=\"lightbox-gallery-A3xYXHSK\" data-rl_title=\"\" data-rl_caption=\"\"><img loading=\"lazy\" decoding=\"async\" class=\"alignnone size-full wp-image-11614\" src=\"http:\/\/www.candice-nguyen.com\/wp-content\/uploads\/2014\/02\/1_Myvatn_FB.jpg\" alt=\"1_Myvatn_FB\" width=\"1280\" height=\"720\" srcset=\"https:\/\/www.candice-nguyen.com\/fragments\/wp-content\/uploads\/2014\/02\/1_Myvatn_FB.jpg 1280w, https:\/\/www.candice-nguyen.com\/fragments\/wp-content\/uploads\/2014\/02\/1_Myvatn_FB-140x78.jpg 140w, https:\/\/www.candice-nguyen.com\/fragments\/wp-content\/uploads\/2014\/02\/1_Myvatn_FB-315x177.jpg 315w, https:\/\/www.candice-nguyen.com\/fragments\/wp-content\/uploads\/2014\/02\/1_Myvatn_FB-630x354.jpg 630w, https:\/\/www.candice-nguyen.com\/fragments\/wp-content\/uploads\/2014\/02\/1_Myvatn_FB-700x393.jpg 700w, https:\/\/www.candice-nguyen.com\/fragments\/wp-content\/uploads\/2014\/02\/1_Myvatn_FB-332x186.jpg 332w\" sizes=\"auto, (max-width: 1280px) 100vw, 1280px\" \/><\/a><br \/>\n<a title=\"\" href=\"http:\/\/www.candice-nguyen.com\/wp-content\/uploads\/2014\/02\/2_Myvatn_FB.jpg\" data-rel=\"lightbox-gallery-A3xYXHSK\" data-rl_title=\"\" data-rl_caption=\"\"><img loading=\"lazy\" decoding=\"async\" class=\"alignnone size-full wp-image-11615\" src=\"http:\/\/www.candice-nguyen.com\/wp-content\/uploads\/2014\/02\/2_Myvatn_FB.jpg\" alt=\"2_Myvatn_FB\" width=\"1280\" height=\"720\" srcset=\"https:\/\/www.candice-nguyen.com\/fragments\/wp-content\/uploads\/2014\/02\/2_Myvatn_FB.jpg 1280w, https:\/\/www.candice-nguyen.com\/fragments\/wp-content\/uploads\/2014\/02\/2_Myvatn_FB-140x78.jpg 140w, https:\/\/www.candice-nguyen.com\/fragments\/wp-content\/uploads\/2014\/02\/2_Myvatn_FB-315x177.jpg 315w, https:\/\/www.candice-nguyen.com\/fragments\/wp-content\/uploads\/2014\/02\/2_Myvatn_FB-630x354.jpg 630w, https:\/\/www.candice-nguyen.com\/fragments\/wp-content\/uploads\/2014\/02\/2_Myvatn_FB-700x393.jpg 700w, https:\/\/www.candice-nguyen.com\/fragments\/wp-content\/uploads\/2014\/02\/2_Myvatn_FB-332x186.jpg 332w\" sizes=\"auto, (max-width: 1280px) 100vw, 1280px\" \/><\/a><br \/>\n<a title=\"\" href=\"http:\/\/www.candice-nguyen.com\/wp-content\/uploads\/2014\/02\/3_Myvatn_FB.jpg\" data-rel=\"lightbox-gallery-A3xYXHSK\" data-rl_title=\"\" data-rl_caption=\"\"><img loading=\"lazy\" decoding=\"async\" class=\"alignnone size-full wp-image-11616\" src=\"http:\/\/www.candice-nguyen.com\/wp-content\/uploads\/2014\/02\/3_Myvatn_FB.jpg\" alt=\"3_Myvatn_FB\" width=\"1280\" height=\"720\" srcset=\"https:\/\/www.candice-nguyen.com\/fragments\/wp-content\/uploads\/2014\/02\/3_Myvatn_FB.jpg 1280w, https:\/\/www.candice-nguyen.com\/fragments\/wp-content\/uploads\/2014\/02\/3_Myvatn_FB-140x78.jpg 140w, https:\/\/www.candice-nguyen.com\/fragments\/wp-content\/uploads\/2014\/02\/3_Myvatn_FB-315x177.jpg 315w, https:\/\/www.candice-nguyen.com\/fragments\/wp-content\/uploads\/2014\/02\/3_Myvatn_FB-630x354.jpg 630w, https:\/\/www.candice-nguyen.com\/fragments\/wp-content\/uploads\/2014\/02\/3_Myvatn_FB-700x393.jpg 700w, https:\/\/www.candice-nguyen.com\/fragments\/wp-content\/uploads\/2014\/02\/3_Myvatn_FB-332x186.jpg 332w\" sizes=\"auto, (max-width: 1280px) 100vw, 1280px\" \/><\/a><br \/>\n<a title=\"\" href=\"http:\/\/www.candice-nguyen.com\/wp-content\/uploads\/2014\/02\/4_Myvatn_FB.jpg\" data-rel=\"lightbox-gallery-A3xYXHSK\" data-rl_title=\"\" data-rl_caption=\"\"><img loading=\"lazy\" decoding=\"async\" class=\"alignnone wp-image-11617\" src=\"http:\/\/www.candice-nguyen.com\/wp-content\/uploads\/2014\/02\/4_Myvatn_FB.jpg\" alt=\"4_Myvatn_FB\" width=\"1280\" height=\"720\" srcset=\"https:\/\/www.candice-nguyen.com\/fragments\/wp-content\/uploads\/2014\/02\/4_Myvatn_FB.jpg 1280w, https:\/\/www.candice-nguyen.com\/fragments\/wp-content\/uploads\/2014\/02\/4_Myvatn_FB-140x78.jpg 140w, https:\/\/www.candice-nguyen.com\/fragments\/wp-content\/uploads\/2014\/02\/4_Myvatn_FB-315x177.jpg 315w, https:\/\/www.candice-nguyen.com\/fragments\/wp-content\/uploads\/2014\/02\/4_Myvatn_FB-630x354.jpg 630w, https:\/\/www.candice-nguyen.com\/fragments\/wp-content\/uploads\/2014\/02\/4_Myvatn_FB-700x393.jpg 700w, https:\/\/www.candice-nguyen.com\/fragments\/wp-content\/uploads\/2014\/02\/4_Myvatn_FB-332x186.jpg 332w\" sizes=\"auto, (max-width: 1280px) 100vw, 1280px\" \/><\/a><br \/>\n<a title=\"\" href=\"http:\/\/www.candice-nguyen.com\/wp-content\/uploads\/2014\/02\/5_Myvatn_FB.jpg\" data-rel=\"lightbox-gallery-A3xYXHSK\" data-rl_title=\"\" data-rl_caption=\"\"><img loading=\"lazy\" decoding=\"async\" class=\"alignnone wp-image-11618\" src=\"http:\/\/www.candice-nguyen.com\/wp-content\/uploads\/2014\/02\/5_Myvatn_FB.jpg\" alt=\"5_Myvatn_FB\" width=\"1280\" height=\"720\" srcset=\"https:\/\/www.candice-nguyen.com\/fragments\/wp-content\/uploads\/2014\/02\/5_Myvatn_FB.jpg 1280w, https:\/\/www.candice-nguyen.com\/fragments\/wp-content\/uploads\/2014\/02\/5_Myvatn_FB-140x78.jpg 140w, https:\/\/www.candice-nguyen.com\/fragments\/wp-content\/uploads\/2014\/02\/5_Myvatn_FB-315x177.jpg 315w, https:\/\/www.candice-nguyen.com\/fragments\/wp-content\/uploads\/2014\/02\/5_Myvatn_FB-630x354.jpg 630w, https:\/\/www.candice-nguyen.com\/fragments\/wp-content\/uploads\/2014\/02\/5_Myvatn_FB-700x393.jpg 700w, https:\/\/www.candice-nguyen.com\/fragments\/wp-content\/uploads\/2014\/02\/5_Myvatn_FB-332x186.jpg 332w\" sizes=\"auto, (max-width: 1280px) 100vw, 1280px\" \/><\/a><\/p>\n<p style=\"text-align: right;\"><strong>Parce qu&#8217;il est des rencontres qui ne s&#8217;initient que par le chemin des mots<\/strong><br \/>\n<strong><span style=\"font-size: 80%;\">(quelqu&#8217;un pour \u00e9crire, quelqu&#8217;un pour lire, quelqu&#8217;un pour p\u00e9pier)<\/span><\/strong><\/p>\n<p style=\"text-align: right; font-family: courier; font-size: 100%; padding-left: 0px; line-height: 1.3;\">Words &amp; Conception \u00a9 Fran\u00e7ois Bon<br \/>\nPhotographies &amp; Son \u00a9 Candice Nguyen<\/p>\n<p><span style=\"font-family: Oswald; font-weight: 300; font-size: 130%;\">Se perdre dans le site de Fran\u00e7ois Bon : <a href=\"http:\/\/www.tierslivre.net\" target=\"_blank\" rel=\"noopener\">tierslivre.net<\/a><br \/>\nVoir la liste compl\u00e8te des \u00e9changes : <a href=\"http:\/\/rendezvousdesvases.blogspot.fr\/\" target=\"_blank\" rel=\"noopener\">au rendez-vous des vases<\/a>, merci \u00e0 <a href=\"http:\/\/brigetoun.blogspot.com\/\" target=\"_blank\" rel=\"noopener\">Brigitte C\u00e9l\u00e9rier<\/a><br \/>\net bien s\u00fbr, grand merci \u00e0 Fran\u00e7ois Bon pour l&#8217;invitation (fiert\u00e9 immense)<br \/>\nmon retour \u00e0 Chicago donc, sur photo siennes <a href=\"http:\/\/www.tierslivre.net\/spip\/spip.php?article3882\" target=\"_blank\" rel=\"noopener\">ici<\/a><\/span><\/p>\n<p>&nbsp;<\/p>\n<p style=\"text-align: center; font-size: 110%; line-height: 1.5em; font-family: Oswald; font-weight: 300;\">Vous \u00eates actuellement ici : <a href=\"https:\/\/www.candice-nguyen.com\/fragments\/galeries\/\">GALERIES<\/a> &gt; <a href=\"https:\/\/www.candice-nguyen.com\/fragments\/galeries\/for-now-i-am-winter\/\">For now I am winter<\/a> &gt; de M\u00fdvatn \u00e0 N\u00e1mafjall Hverir by Fran\u00e7ois Bon<br \/>\n(Vases Communicants, f\u00e9vrier 2014)<br \/>\n\u2192 continuer vers : <a href=\"https:\/\/www.candice-nguyen.com\/fragments\/galeries\/for-now-i-am-winter\/on-continue\/\">On continue<\/a><\/p>\n","protected":false},"excerpt":{"rendered":"<p>#VasesCommunicants \u00d3lafur Arnalds x Mike Leigh &#8211; &#8230;og lengra x Naked OST Parce qu&#8217;il est des rencontres qui ne s&#8217;initient que par le chemin des mots (quelqu&#8217;un pour \u00e9crire, quelqu&#8217;un pour lire, quelqu&#8217;un pour p\u00e9pier) Words &amp; Conception \u00a9 Fran\u00e7ois Bon Photographies &amp; Son \u00a9 Candice Nguyen Se perdre dans le site de Fran\u00e7ois Bon [&hellip;]<\/p>\n","protected":false},"author":3,"featured_media":10042,"parent":9456,"menu_order":0,"comment_status":"closed","ping_status":"closed","template":"","meta":{"footnotes":""},"class_list":["post-11612","page","type-page","status-publish","has-post-thumbnail","hentry"],"aioseo_notices":[],"_links":{"self":[{"href":"https:\/\/www.candice-nguyen.com\/fragments\/wp-json\/wp\/v2\/pages\/11612","targetHints":{"allow":["GET"]}}],"collection":[{"href":"https:\/\/www.candice-nguyen.com\/fragments\/wp-json\/wp\/v2\/pages"}],"about":[{"href":"https:\/\/www.candice-nguyen.com\/fragments\/wp-json\/wp\/v2\/types\/page"}],"author":[{"embeddable":true,"href":"https:\/\/www.candice-nguyen.com\/fragments\/wp-json\/wp\/v2\/users\/3"}],"replies":[{"embeddable":true,"href":"https:\/\/www.candice-nguyen.com\/fragments\/wp-json\/wp\/v2\/comments?post=11612"}],"version-history":[{"count":34,"href":"https:\/\/www.candice-nguyen.com\/fragments\/wp-json\/wp\/v2\/pages\/11612\/revisions"}],"predecessor-version":[{"id":23124,"href":"https:\/\/www.candice-nguyen.com\/fragments\/wp-json\/wp\/v2\/pages\/11612\/revisions\/23124"}],"up":[{"embeddable":true,"href":"https:\/\/www.candice-nguyen.com\/fragments\/wp-json\/wp\/v2\/pages\/9456"}],"wp:featuredmedia":[{"embeddable":true,"href":"https:\/\/www.candice-nguyen.com\/fragments\/wp-json\/wp\/v2\/media\/10042"}],"wp:attachment":[{"href":"https:\/\/www.candice-nguyen.com\/fragments\/wp-json\/wp\/v2\/media?parent=11612"}],"curies":[{"name":"wp","href":"https:\/\/api.w.org\/{rel}","templated":true}]}}