{"id":12542,"date":"2014-04-20T23:12:07","date_gmt":"2014-04-20T21:12:07","guid":{"rendered":"http:\/\/www.candice-nguyen.com\/?page_id=12542"},"modified":"2023-02-22T13:15:41","modified_gmt":"2023-02-22T12:15:41","slug":"mais-ou-sen-va-le-bleu-du-ciel-quand-tombe-la-nuit","status":"publish","type":"page","link":"https:\/\/www.candice-nguyen.com\/fragments\/galeries\/for-now-i-am-winter\/mais-ou-sen-va-le-bleu-du-ciel-quand-tombe-la-nuit\/","title":{"rendered":"For Now I am Winter: mais o\u00f9 s&#8217;en va le bleu du ciel quand tombe la nuit ?"},"content":{"rendered":"<p style=\"text-align: left; font-family: Oswald; font-weight: 300; font-size: 130%; padding-left: 50px; line-height: 1.5;\">Gitanes<br \/>\naux lames de lune aiguis\u00e9es dans la solitude<\/p>\n<p style=\"text-align: left; font-family: Oswald; font-weight: 300; font-size: 130%; padding-left: 50px; line-height: 1.5;\">Gitanes<br \/>\naux guirlandes de source \u00e9puis\u00e9es dans l&#8217;amour<\/p>\n<p style=\"text-align: left; font-family: Oswald; font-weight: 300; font-size: 130%; padding-left: 50px; line-height: 1.5;\">Gitanes<br \/>\naux caprices de ciseaux au c\u0153ur \u00e9chevel\u00e9 des fruits<\/p>\n<p style=\"text-align: left; font-family: Oswald; font-weight: 300; font-size: 130%; padding-left: 50px; line-height: 1.5;\">Gitanes<br \/>\naux mouches de fils d&#8217;argent \u00e0 l&#8217;abandon de la nuit<br \/>\n<span style=\"font-family: Oswald; font-weight: 500; font-size: 90%; \">Edmond Jab\u00e8s, L&#8217;auberge du sommeil in La Voix d&#8217;encre<\/span><\/p>\n<div class=\"compact_audio_player_wrapper\"><div class=\"sc_player_container1\"><input type=\"button\" id=\"btnplay_69f315142079e3.32973170\" class=\"myButton_play\" onClick=\"play_mp3('play','69f315142079e3.32973170','http:\/\/www.candice-nguyen.com\/wp-content\/uploads\/2014\/04\/01-Koll-Lil-Mali7ati-Fi-Al-Khimar-Al.mp3','80','false');show_hide('play','69f315142079e3.32973170');\" \/><input type=\"button\"  id=\"btnstop_69f315142079e3.32973170\" style=\"display:none\" class=\"myButton_stop\" onClick=\"play_mp3('stop','69f315142079e3.32973170','','80','false');show_hide('stop','69f315142079e3.32973170');\" \/><div id=\"sm2-container\"><!-- flash movie ends up here --><\/div><\/div><\/div> <span style=\"font-size: 100%; font-family: Oswald; font-weight: 300;\">Jerusalem In My Heart &#8211; Koll Lil-Mali7ati Fi Al-Khimar Al-Aswadi<\/span><\/p>\n<p><a href=\"http:\/\/www.candice-nguyen.com\/wp-content\/uploads\/2014\/04\/PA241165.jpg\" title=\"\" data-rel=\"lightbox-gallery-ZRX63PHP\" data-rl_title=\"\" data-rl_caption=\"\"><img loading=\"lazy\" decoding=\"async\" src=\"http:\/\/www.candice-nguyen.com\/wp-content\/uploads\/2014\/04\/PA241165.jpg\" alt=\"Mais o\u00f9 s&#039;en va le bleu du ciel quand tombe la nuit\u00a0?\" width=\"1280\" height=\"960\" class=\"alignnone size-full wp-image-12543\" srcset=\"https:\/\/www.candice-nguyen.com\/fragments\/wp-content\/uploads\/2014\/04\/PA241165.jpg 1280w, https:\/\/www.candice-nguyen.com\/fragments\/wp-content\/uploads\/2014\/04\/PA241165-140x105.jpg 140w, https:\/\/www.candice-nguyen.com\/fragments\/wp-content\/uploads\/2014\/04\/PA241165-315x236.jpg 315w, https:\/\/www.candice-nguyen.com\/fragments\/wp-content\/uploads\/2014\/04\/PA241165-630x472.jpg 630w, https:\/\/www.candice-nguyen.com\/fragments\/wp-content\/uploads\/2014\/04\/PA241165-700x525.jpg 700w, https:\/\/www.candice-nguyen.com\/fragments\/wp-content\/uploads\/2014\/04\/PA241165-332x249.jpg 332w\" sizes=\"auto, (max-width: 1280px) 100vw, 1280px\" \/><\/a><br \/>\n<a href=\"http:\/\/www.candice-nguyen.com\/wp-content\/uploads\/2014\/04\/PA241166.jpg\" title=\"\" data-rel=\"lightbox-gallery-ZRX63PHP\" data-rl_title=\"\" data-rl_caption=\"\"><img loading=\"lazy\" decoding=\"async\" src=\"http:\/\/www.candice-nguyen.com\/wp-content\/uploads\/2014\/04\/PA241166.jpg\" alt=\"Mais o\u00f9 s&#039;en va le bleu du ciel quand tombe la nuit ?\" width=\"1280\" height=\"960\" class=\"alignnone size-full wp-image-12544\" srcset=\"https:\/\/www.candice-nguyen.com\/fragments\/wp-content\/uploads\/2014\/04\/PA241166.jpg 1280w, https:\/\/www.candice-nguyen.com\/fragments\/wp-content\/uploads\/2014\/04\/PA241166-140x105.jpg 140w, https:\/\/www.candice-nguyen.com\/fragments\/wp-content\/uploads\/2014\/04\/PA241166-315x236.jpg 315w, https:\/\/www.candice-nguyen.com\/fragments\/wp-content\/uploads\/2014\/04\/PA241166-630x472.jpg 630w, https:\/\/www.candice-nguyen.com\/fragments\/wp-content\/uploads\/2014\/04\/PA241166-700x525.jpg 700w, https:\/\/www.candice-nguyen.com\/fragments\/wp-content\/uploads\/2014\/04\/PA241166-332x249.jpg 332w\" sizes=\"auto, (max-width: 1280px) 100vw, 1280px\" \/><\/a><br \/>\n<a href=\"http:\/\/www.candice-nguyen.com\/wp-content\/uploads\/2014\/04\/PA241168.jpg\" title=\"\" data-rel=\"lightbox-gallery-ZRX63PHP\" data-rl_title=\"\" data-rl_caption=\"\"><img loading=\"lazy\" decoding=\"async\" src=\"http:\/\/www.candice-nguyen.com\/wp-content\/uploads\/2014\/04\/PA241168.jpg\" alt=\"Mais o\u00f9 s&#039;en va le bleu du ciel quand tombe la nuit ?\" width=\"1280\" height=\"960\" class=\"alignnone size-full wp-image-12545\" srcset=\"https:\/\/www.candice-nguyen.com\/fragments\/wp-content\/uploads\/2014\/04\/PA241168.jpg 1280w, https:\/\/www.candice-nguyen.com\/fragments\/wp-content\/uploads\/2014\/04\/PA241168-140x105.jpg 140w, https:\/\/www.candice-nguyen.com\/fragments\/wp-content\/uploads\/2014\/04\/PA241168-315x236.jpg 315w, https:\/\/www.candice-nguyen.com\/fragments\/wp-content\/uploads\/2014\/04\/PA241168-630x472.jpg 630w, https:\/\/www.candice-nguyen.com\/fragments\/wp-content\/uploads\/2014\/04\/PA241168-700x525.jpg 700w, https:\/\/www.candice-nguyen.com\/fragments\/wp-content\/uploads\/2014\/04\/PA241168-332x249.jpg 332w\" sizes=\"auto, (max-width: 1280px) 100vw, 1280px\" \/><\/a><br \/>\n&nbsp;<\/p>\n<p style=\"text-align: center; font-size: 110%; line-height: 1.5em; font-family: Oswald; font-weight: 300;\">Vous \u00eates actuellement ici : <a href=\"http:\/\/www.candice-nguyen.com\/galeries\/\">GALERIES<\/a> &gt; <a href=\"https:\/\/www.candice-nguyen.com\/fragments\/galeries\/for-now-i-am-winter\/\">For now I am winter<\/a> &gt; mais o\u00f9 s&#8217;en va le bleu du ciel quand tombe la nuit ?<br \/>\n\u2192 continuer vers : <a href=\"https:\/\/www.candice-nguyen.com\/fragments\/galeries\/for-now-i-am-winter\/vik-i-myrdal\/\">V\u00edk \u00ed M\u00fdrdal<\/a><\/p>\n","protected":false},"excerpt":{"rendered":"<p>Gitanes aux lames de lune aiguis\u00e9es dans la solitude Gitanes aux guirlandes de source \u00e9puis\u00e9es dans l&#8217;amour Gitanes aux caprices de ciseaux au c\u0153ur \u00e9chevel\u00e9 des fruits Gitanes aux mouches de fils d&#8217;argent \u00e0 l&#8217;abandon de la nuit Edmond Jab\u00e8s, L&#8217;auberge du sommeil in La Voix d&#8217;encre Jerusalem In My Heart &#8211; Koll Lil-Mali7ati Fi [&hellip;]<\/p>\n","protected":false},"author":3,"featured_media":12545,"parent":9456,"menu_order":0,"comment_status":"closed","ping_status":"closed","template":"","meta":{"footnotes":""},"class_list":["post-12542","page","type-page","status-publish","has-post-thumbnail","hentry"],"aioseo_notices":[],"_links":{"self":[{"href":"https:\/\/www.candice-nguyen.com\/fragments\/wp-json\/wp\/v2\/pages\/12542","targetHints":{"allow":["GET"]}}],"collection":[{"href":"https:\/\/www.candice-nguyen.com\/fragments\/wp-json\/wp\/v2\/pages"}],"about":[{"href":"https:\/\/www.candice-nguyen.com\/fragments\/wp-json\/wp\/v2\/types\/page"}],"author":[{"embeddable":true,"href":"https:\/\/www.candice-nguyen.com\/fragments\/wp-json\/wp\/v2\/users\/3"}],"replies":[{"embeddable":true,"href":"https:\/\/www.candice-nguyen.com\/fragments\/wp-json\/wp\/v2\/comments?post=12542"}],"version-history":[{"count":18,"href":"https:\/\/www.candice-nguyen.com\/fragments\/wp-json\/wp\/v2\/pages\/12542\/revisions"}],"predecessor-version":[{"id":23126,"href":"https:\/\/www.candice-nguyen.com\/fragments\/wp-json\/wp\/v2\/pages\/12542\/revisions\/23126"}],"up":[{"embeddable":true,"href":"https:\/\/www.candice-nguyen.com\/fragments\/wp-json\/wp\/v2\/pages\/9456"}],"wp:featuredmedia":[{"embeddable":true,"href":"https:\/\/www.candice-nguyen.com\/fragments\/wp-json\/wp\/v2\/media\/12545"}],"wp:attachment":[{"href":"https:\/\/www.candice-nguyen.com\/fragments\/wp-json\/wp\/v2\/media?parent=12542"}],"curies":[{"name":"wp","href":"https:\/\/api.w.org\/{rel}","templated":true}]}}