{"id":17110,"date":"2016-03-21T16:00:45","date_gmt":"2016-03-21T15:00:45","guid":{"rendered":"http:\/\/www.candice-nguyen.com\/?page_id=17110"},"modified":"2016-03-21T18:06:13","modified_gmt":"2016-03-21T17:06:13","slug":"moriarty_music","status":"publish","type":"page","link":"https:\/\/www.candice-nguyen.com\/fragments\/contributions\/moriarty_music\/","title":{"rendered":"Moriarty"},"content":{"rendered":"<p>&nbsp;<\/p>\n<p style=\"text-align: center; font-size: 250%; font-family: statendam;\">Epiphany<\/p>\n<p style=\"text-align: center; font-size: 130%; font-family: statendam;\">Moriarty&#8217;s new enigma-album<\/p>\n<p style=\"text-align: center; font-size: 110%; font-family: courier;\"><a href=\"http:\/\/moriartyland.net\/\" target=\"_blank\">moriartyland.net<\/a><\/p>\n<p><center><a href=\"http:\/\/moriartyland.net\/\" target=\"_blank\"><img loading=\"lazy\" decoding=\"async\" src=\"http:\/\/www.candice-nguyen.com\/wp-content\/uploads\/2016\/03\/Epiphany-visual_v3-1280x853.jpg\" alt=\"Moriarty - New underground album Epiphany\" width=\"660\" height=\"440\"\/><\/a><br \/>\n<div class=\"compact_audio_player_wrapper\"><div class=\"sc_player_container1\"><input type=\"button\" id=\"btnplay_69eb064b1982e4.96316952\" class=\"myButton_play\" onClick=\"play_mp3('play','69eb064b1982e4.96316952','http:\/\/www.candice-nguyen.com\/wp-content\/uploads\/2015\/12\/03-History-of-Violence.mp3','80','false');show_hide('play','69eb064b1982e4.96316952');\" \/><input type=\"button\"  id=\"btnstop_69eb064b1982e4.96316952\" style=\"display:none\" class=\"myButton_stop\" onClick=\"play_mp3('stop','69eb064b1982e4.96316952','','80','false');show_hide('stop','69eb064b1982e4.96316952');\" \/><div id=\"sm2-container\"><!-- flash movie ends up here --><\/div><\/div><\/div> <span style=\"font-size: 100%; font-family: Oswald; font-weight: 300; \">Moriarty &#8211; History of Violence<\/span><\/center><\/p>\n<p style=\"text-align: justify; font-size: 100%; line-height: 1.5em; font-family: courier; padding-left: 50px; padding-right: 50px;\"><em>Apr\u00e8s l&#8217;album <a href=\"http:\/\/moriartyland.net\/site\/music\/epitaph\/\" target=\"_blank\">&#8220;EPITAPH&#8221;<\/a> sorti en avril 2015, le groupe Moriarty (que j&#8217;accompagne pour info dans la partie digitale depuis le d\u00e9but de l&#8217;ann\u00e9e 2015) lance un nouvel album pas comme les autres&#8230;<\/em><\/p>\n<p style=\"text-align: justify; font-size: 100%; line-height: 1.5em; font-family: courier; padding-left: 50px; padding-right: 50px;\">Sorte de chasse aux tr\u00e9sors mondiale, chaque chanson du pr\u00e9c\u00e9dent album EPITAPH a \u00e9t\u00e9 associ\u00e9e \u00e0 un lieu spirituel quelque part dans le monde, une sorte de porte de passage&#8230; Au pied de ces lieux, des enregistrements in\u00e9dits ont \u00e9t\u00e9 enterr\u00e9s : versions alternatives, chansons jamais publi\u00e9es\u2026 Ces musiques \u00e9parpill\u00e9es \u00e0 travers le monde forment un nouvel album souterrain et parall\u00e8le, appel\u00e9 &#8220;EPIPHANY&#8221;.<br \/>\nLes diff\u00e9rentes chansons qui composent cet album de la r\u00e9surrection ont \u00e9t\u00e9 d\u00e9pos\u00e9es dans de petites fioles, bo\u00eetes \u00e0 tr\u00e9sors. Les chemins qui y m\u00e8nent sont r\u00e9v\u00e9l\u00e9s sur le site du groupe  en suivant ce lien vers leur <a href=\"http:\/\/moriartyland.net\/epiphany\/epiphany.html\" target=\"_blank\">\u00e9piphanie<\/a>.<\/p>\n<p style=\"text-align: justify; font-size: 100%; line-height: 1.5em; font-family: courier; padding-left: 50px; padding-right: 50px;\">D\u00e8s que l\u2019une des 13 fioles aura \u00e9t\u00e9 d\u00e9couverte, la chanson correspondante s\u2019allumera sur le site de groupe. Comme une serrure dot\u00e9e d\u2019une combinaison \u00e0 13 clefs, les chansons d&#8217;EPIPHANY ne seront publi\u00e9es alors sur le site de Moriarty qu\u2019une fois les 13 d\u00e9couvertes.<\/p>\n<figure id=\"attachment_17124\" aria-describedby=\"caption-attachment-17124\" style=\"width: 660px\" class=\"wp-caption aligncenter\"><a href=\"http:\/\/moriartyland.net\/epiphany\/epiphany.html\" target=\"_blank\" rel=\"attachment wp-att-17124\"><img loading=\"lazy\" decoding=\"async\" class=\"wp-image-17124 size-large\" src=\"http:\/\/www.candice-nguyen.com\/wp-content\/uploads\/2015\/12\/Epiphany-1280x613.jpg\" alt=\"Moriarty Epiphany\" width=\"660\" height=\"316\" srcset=\"https:\/\/www.candice-nguyen.com\/fragments\/wp-content\/uploads\/2015\/12\/Epiphany-1280x613.jpg 1280w, https:\/\/www.candice-nguyen.com\/fragments\/wp-content\/uploads\/2015\/12\/Epiphany-140x67.jpg 140w, https:\/\/www.candice-nguyen.com\/fragments\/wp-content\/uploads\/2015\/12\/Epiphany-315x151.jpg 315w, https:\/\/www.candice-nguyen.com\/fragments\/wp-content\/uploads\/2015\/12\/Epiphany-768x368.jpg 768w, https:\/\/www.candice-nguyen.com\/fragments\/wp-content\/uploads\/2015\/12\/Epiphany-700x335.jpg 700w, https:\/\/www.candice-nguyen.com\/fragments\/wp-content\/uploads\/2015\/12\/Epiphany-332x159.jpg 332w, https:\/\/www.candice-nguyen.com\/fragments\/wp-content\/uploads\/2015\/12\/Epiphany.jpg 1400w\" sizes=\"auto, (max-width: 660px) 100vw, 660px\" \/><\/a><figcaption id=\"caption-attachment-17124\" class=\"wp-caption-text\">Cliquez sur la carte d&#8217;Epiphany pour acc\u00e9der \u00e0 la carte aux tr\u00e9sors<\/figcaption><\/figure>\n<p style=\"text-align: justify; font-size: 100%; line-height: 1.5em; font-family: courier; padding-left: 50px; padding-right: 50px;\"><em>Voil\u00e0 typiquement le genre de projet excitant pour moi et pour lequel je prends plaisir \u00e0 travailler.<\/em><\/p>\n<p>&nbsp;<\/p>\n","protected":false},"excerpt":{"rendered":"<p>&nbsp; Epiphany Moriarty&#8217;s new enigma-album moriartyland.net Moriarty &#8211; History of Violence Apr\u00e8s l&#8217;album &#8220;EPITAPH&#8221; sorti en avril 2015, le groupe Moriarty (que j&#8217;accompagne pour info dans la partie digitale depuis le d\u00e9but de l&#8217;ann\u00e9e 2015) lance un nouvel album pas comme les autres&#8230; Sorte de chasse aux tr\u00e9sors mondiale, chaque chanson du pr\u00e9c\u00e9dent album EPITAPH [&hellip;]<\/p>\n","protected":false},"author":3,"featured_media":18310,"parent":4490,"menu_order":0,"comment_status":"closed","ping_status":"closed","template":"template-full-width.php","meta":{"footnotes":""},"class_list":["post-17110","page","type-page","status-publish","has-post-thumbnail","hentry"],"aioseo_notices":[],"_links":{"self":[{"href":"https:\/\/www.candice-nguyen.com\/fragments\/wp-json\/wp\/v2\/pages\/17110","targetHints":{"allow":["GET"]}}],"collection":[{"href":"https:\/\/www.candice-nguyen.com\/fragments\/wp-json\/wp\/v2\/pages"}],"about":[{"href":"https:\/\/www.candice-nguyen.com\/fragments\/wp-json\/wp\/v2\/types\/page"}],"author":[{"embeddable":true,"href":"https:\/\/www.candice-nguyen.com\/fragments\/wp-json\/wp\/v2\/users\/3"}],"replies":[{"embeddable":true,"href":"https:\/\/www.candice-nguyen.com\/fragments\/wp-json\/wp\/v2\/comments?post=17110"}],"version-history":[{"count":67,"href":"https:\/\/www.candice-nguyen.com\/fragments\/wp-json\/wp\/v2\/pages\/17110\/revisions"}],"predecessor-version":[{"id":18327,"href":"https:\/\/www.candice-nguyen.com\/fragments\/wp-json\/wp\/v2\/pages\/17110\/revisions\/18327"}],"up":[{"embeddable":true,"href":"https:\/\/www.candice-nguyen.com\/fragments\/wp-json\/wp\/v2\/pages\/4490"}],"wp:featuredmedia":[{"embeddable":true,"href":"https:\/\/www.candice-nguyen.com\/fragments\/wp-json\/wp\/v2\/media\/18310"}],"wp:attachment":[{"href":"https:\/\/www.candice-nguyen.com\/fragments\/wp-json\/wp\/v2\/media?parent=17110"}],"curies":[{"name":"wp","href":"https:\/\/api.w.org\/{rel}","templated":true}]}}