{"id":205,"date":"2012-08-19T07:56:40","date_gmt":"2012-08-19T07:56:40","guid":{"rendered":"http:\/\/candicenguyen.wordpress.com\/?page_id=205"},"modified":"2023-02-22T10:10:21","modified_gmt":"2023-02-22T09:10:21","slug":"et-tu-finiras-devore-par-les-meduses","status":"publish","type":"page","link":"https:\/\/www.candice-nguyen.com\/fragments\/chantiers\/meduses\/et-tu-finiras-devore-par-les-meduses\/","title":{"rendered":"Et tu finiras d\u00e9vor\u00e9 par les m\u00e9duses (4)"},"content":{"rendered":"<p>&nbsp;<br \/>\n<a href=\"https:\/\/www.candice-nguyen.com\/wp-content\/uploads\/2012\/08\/et-tu-finiras-d\u00e9vor\u00e9-par-les-m\u00e9duses-1024x685.jpg\" data-rel=\"lightbox-gallery-CaZOX3tL\" data-rl_title=\"\" data-rl_caption=\"\"><img decoding=\"async\" class=\"aligncenter size-medium wp-image-207\" title=\"\" src=\"https:\/\/www.candice-nguyen.com\/wp-content\/uploads\/2012\/08\/et-tu-finiras-d\u00e9vor\u00e9-par-les-m\u00e9duses.jpg\" alt=\"et tu finiras d\u00e9vor\u00e9 par les m\u00e9duses (4)\" width=\"630\" \/><\/a><br \/>\n<div class=\"compact_audio_player_wrapper\"><div class=\"sc_player_container1\"><input type=\"button\" id=\"btnplay_69d25d10cba161.45933998\" class=\"myButton_play\" onClick=\"play_mp3('play','69d25d10cba161.45933998','https:\/\/www.candice-nguyen.com\/wp-content\/uploads\/2013\/01\/DrunkFoxInLondon.mp3','80','false');show_hide('play','69d25d10cba161.45933998');\" \/><input type=\"button\"  id=\"btnstop_69d25d10cba161.45933998\" style=\"display:none\" class=\"myButton_stop\" onClick=\"play_mp3('stop','69d25d10cba161.45933998','','80','false');show_hide('stop','69d25d10cba161.45933998');\" \/><div id=\"sm2-container\"><!-- flash movie ends up here --><\/div><\/div><\/div>        <script type=\"text\/javascript\" charset=\"utf-8\">\n        soundManager.setup({\n            url: \"https:\/\/www.candice-nguyen.com\/fragments\/wp-content\/plugins\/compact-wp-audio-player\/swf\/soundmanager2.swf\",\n            onready: function() {\n                var mySound = soundManager.createSound({\n                    id: \"btnplay_69d25d10cba161.45933998\",\n                    volume: \"80\",\n                    url: \"https:\/\/www.candice-nguyen.com\/wp-content\/uploads\/2013\/01\/DrunkFoxInLondon.mp3\"\n                });\n                var auto_loop = \"false\";\n                mySound.play({\n                    onfinish: function() {\n                        if (auto_loop == \"true\") {\n                            loopSound(\"btnplay_69d25d10cba161.45933998\");\n                        } else {\n                            document.getElementById(\"btnplay_69d25d10cba161.45933998\").style.display = \"inline\";\n                            document.getElementById(\"btnstop_69d25d10cba161.45933998\").style.display = \"none\";\n                        }\n                    }\n                });\n                document.getElementById(\"btnplay_69d25d10cba161.45933998\").style.display = \"none\";\n                document.getElementById(\"btnstop_69d25d10cba161.45933998\").style.display = \"inline\";\n            },\n            ontimeout: function() {\n                \/\/ SM2 could not start. Missing SWF? Flash blocked? Show an error.\n                alert(\"Error! Audio player failed to load.\");\n            }\n        });\n        <\/script>\n         <span style=\"font-size: 100%; font-family: Oswald; font-weight: 300;\">Gabl\u00e9 &#8211; Drunk fox in London<\/span><br \/>\n&nbsp;<\/p>\n<p style=\"text-align: center; font-size: 130%; line-height: 1.5em; font-family: Oswald; font-weight: 300; padding-left: 80px; padding-right: 80px;\">Fuis traverse les d\u00e9combres<br \/>\nPlonge dans les fonds de ces eaux noires<br \/>\nAvant qu\u2019ils ne t\u2019attrapent<br \/>\nAvant qu\u2019il ne soit trop tard<\/p>\n<p style=\"text-align: center; font-size: 130%; line-height: 1.5em; font-family: Oswald; font-weight: 300; padding-left: 80px; padding-right: 80px;\">Entends-tu leur voix ?<br \/>\nEntends-tu leurs cris ?<\/p>\n<p style=\"text-align: center; font-size: 130%; line-height: 1.5em; font-family: Oswald; font-weight: 300; padding-left: 80px; padding-right: 80px;\">Starving you gonna starve starving you gonna starve<br \/>\nStarving you gonna starve starving you gonna starve<br \/>\nRien plus rien \u00e0 bord encore<br \/>\nRien plus rien tu n\u2019es encore<\/p>\n<p style=\"text-align: center; font-size: 130%; line-height: 1.5em; font-family: Oswald; font-weight: 300; padding-left: 80px; padding-right: 80px;\">Fuis traverse les d\u00e9combres<br \/>\nPlonge dans les fonds de ces eaux noires<br \/>\nAvant qu\u2019ils ne t\u2019attrapent<br \/>\nAvant qu\u2019il ne soit trop tard<\/p>\n<p style=\"text-align: center; font-size: 130%; line-height: 1.5em; font-family: Oswald; font-weight: 300; padding-left: 80px; padding-right: 80px;\">Entends-tu leur voix ?<br \/>\nEntends-tu leurs cris ?<\/p>\n<p style=\"text-align: center; font-size: 130%; line-height: 1.5em; font-family: Oswald; font-weight: 300; padding-left: 80px; padding-right: 80px;\">Hurler encore<br \/>\nHurler encore<br \/>\nHurler encore<br \/>\nHurler encore<\/p>\n<p style=\"text-align: center; font-size: 130%; line-height: 1.5em; font-family: Oswald; font-weight: 300; padding-left: 80px; padding-right: 80px;\">Starving you gonna starve starving you gonna starve<br \/>\nStarving you gonna starve starving you gonna starve<br \/>\nRien plus rien \u00e0 bord encore<br \/>\nRien plus rien tu n\u2019es encore<\/p>\n<p style=\"text-align: center; font-size: 130%; line-height: 1.5em; font-family: Oswald; font-weight: 300; padding-left: 80px; padding-right: 80px;\">Entends-tu leur voix ?<br \/>\nEntends-tu leurs cris ?<\/p>\n<p style=\"text-align: center; font-size: 130%; line-height: 1.5em; font-family: Oswald; font-weight: 300; padding-left: 80px; padding-right: 80px;\">Hurler encore<br \/>\nHurler encore<br \/>\nHurler encore<br \/>\nHurler encore<br \/>\nSTOP !<\/p>\n<p style=\"text-align: justify; font-size: 130%; line-height: 1.5em; font-family: Oswald; font-weight: 300; padding-left: 80px; padding-right: 80px;\">R\u00e9veil sursaut vague par-dessus bord, le r\u00eave \u00e9trange qui me poursuit. Il n\u2019est pas loin de midi \u00e0 voir le soleil haut et fier au-dessus de nos t\u00eates. Je suis tremp\u00e9. La vareuse en piteux \u00e9tat. Penser \u00e0 faire une lessive au plus vite et s\u00e9cher nos protections avant que la nuit ne nous rattrape. Nous continuons de redescendre le Golfe de Botnie et devrions faire une courte halte dans l\u2019apr\u00e8s-midi sur l\u2019\u00eele de Bornholm pour nous ravitailler. <a href=\"http:\/\/g.co\/maps\/6drbh\" rel=\"noreferrer noopener\" target=\"_blank\">55\u00b05\u203255\u2033N 14\u00b042\u203205\u2033E<\/a>, les latitudes longitudes que nous empruntons sont aussi bien r\u00e9gl\u00e9es que les mar\u00e9es. Bienheureux pauvres <strike>p\u00e9cheurs<\/strike> p\u00eacheurs\u00a0que nous sommes. Certes. Raturant je trahis ce que je pense, naviguant je fuis ceux que j\u2019aime, \u00e9crivant je <strike>me d\u00e9<\/strike>livre <strike>de<\/strike> mes cauchemars.<\/p>\n<p>&nbsp;<\/p>\n<p style=\"text-align:center;\"><a href=\"\/fragments\/chantiers\/meduses\/des-meduses-au-coin-des-yeux\/\">\u2190 revenir<\/a> \u2022 <a href=\"\/fragments\/chantiers\/meduses\/bang-bang\/\">continuer \u2192<\/a><\/p>\n","protected":false},"excerpt":{"rendered":"<p>&nbsp; Gabl\u00e9 &#8211; Drunk fox in London &nbsp; Fuis traverse les d\u00e9combres Plonge dans les fonds de ces eaux noires Avant qu\u2019ils ne t\u2019attrapent Avant qu\u2019il ne soit trop tard Entends-tu leur voix ? Entends-tu leurs cris ? Starving you gonna starve starving you gonna starve Starving you gonna starve starving you gonna starve Rien [&hellip;]<\/p>\n","protected":false},"author":3,"featured_media":1783,"parent":36,"menu_order":4,"comment_status":"closed","ping_status":"closed","template":"","meta":{"footnotes":""},"class_list":["post-205","page","type-page","status-publish","has-post-thumbnail","hentry"],"aioseo_notices":[],"_links":{"self":[{"href":"https:\/\/www.candice-nguyen.com\/fragments\/wp-json\/wp\/v2\/pages\/205","targetHints":{"allow":["GET"]}}],"collection":[{"href":"https:\/\/www.candice-nguyen.com\/fragments\/wp-json\/wp\/v2\/pages"}],"about":[{"href":"https:\/\/www.candice-nguyen.com\/fragments\/wp-json\/wp\/v2\/types\/page"}],"author":[{"embeddable":true,"href":"https:\/\/www.candice-nguyen.com\/fragments\/wp-json\/wp\/v2\/users\/3"}],"replies":[{"embeddable":true,"href":"https:\/\/www.candice-nguyen.com\/fragments\/wp-json\/wp\/v2\/comments?post=205"}],"version-history":[{"count":17,"href":"https:\/\/www.candice-nguyen.com\/fragments\/wp-json\/wp\/v2\/pages\/205\/revisions"}],"predecessor-version":[{"id":23086,"href":"https:\/\/www.candice-nguyen.com\/fragments\/wp-json\/wp\/v2\/pages\/205\/revisions\/23086"}],"up":[{"embeddable":true,"href":"https:\/\/www.candice-nguyen.com\/fragments\/wp-json\/wp\/v2\/pages\/36"}],"wp:featuredmedia":[{"embeddable":true,"href":"https:\/\/www.candice-nguyen.com\/fragments\/wp-json\/wp\/v2\/media\/1783"}],"wp:attachment":[{"href":"https:\/\/www.candice-nguyen.com\/fragments\/wp-json\/wp\/v2\/media?parent=205"}],"curies":[{"name":"wp","href":"https:\/\/api.w.org\/{rel}","templated":true}]}}