{"id":21634,"date":"2018-04-20T19:17:01","date_gmt":"2018-04-20T17:17:01","guid":{"rendered":"https:\/\/www.candice-nguyen.com\/?page_id=21634"},"modified":"2019-02-09T12:37:15","modified_gmt":"2019-02-09T11:37:15","slug":"radio","status":"publish","type":"page","link":"https:\/\/www.candice-nguyen.com\/fragments\/radio\/","title":{"rendered":"RADIO"},"content":{"rendered":"<p style=\"text-align: justify; font-family: courier; padding-right: 10px;\">_parce que ce site n&#8217;existerait pas sans musique : <a target=\"_blank\" href=\"https:\/\/open.spotify.com\/user\/candicek\/playlist\/1Mfx0Gtu9yRK7r4r8Wqg4D?si=hCk5ghwHQjCmNmL8a0D7ig\">toute la bande son ici<\/a><\/p>\n<p>&nbsp;<\/p>\n<p style=\"text-align: justify; font-family: courier; padding-right: 10px;\">_bribes sonores, chroniques, projets en cours \u2014 \u00e0 \u00e9couter au lever du jour ou pr\u00e9f\u00e9rablement son cr\u00e9puscule<\/p>\n<p><iframe loading=\"lazy\" width=\"100%\" height=\"450\" scrolling=\"no\" frameborder=\"no\" allow=\"autoplay\" src=\"https:\/\/w.soundcloud.com\/player\/?url=https%3A\/\/api.soundcloud.com\/playlists\/379407245&#038;color=%2357577a&#038;auto_play=false&#038;hide_related=false&#038;show_comments=true&#038;show_user=true&#038;show_reposts=false&#038;show_teaser=true&#038;visual=true\"><\/iframe><\/p>\n<p>&nbsp;<\/p>\n<p style=\"text-align: left; font-family: courier; padding-right: 10px;\">Plus d&#8217;informations<br \/>\n\u2022 <a href=\"https:\/\/carnetdemarseille.com\/2017\/11\/20\/au-cafe-a-langlaise-avec-candice-nguyen\/\" rel=\"noopener\" target=\"_blank\">Dans le Tanger de Candice Nguyen<\/a> <em>lu par Eric Schulthess<\/em><br \/>\n\u2022 <a href=\"https:\/\/carnetdemarseille.com\/2017\/01\/13\/au-pays-des-lichens-et-des-baleines\/\" rel=\"noopener\" target=\"_blank\">Carnets du froid de Candice Nguyen &#8211; Au pays des lichens et des baleines<\/a> <em>lu par Eric Schulthess<\/em>\n<\/p>\n<p>&nbsp;<\/p>\n","protected":false},"excerpt":{"rendered":"<p>_parce que ce site n&#8217;existerait pas sans musique : toute la bande son ici &nbsp; _bribes sonores, chroniques, projets en cours \u2014 \u00e0 \u00e9couter au lever du jour ou pr\u00e9f\u00e9rablement son cr\u00e9puscule &nbsp; Plus d&#8217;informations \u2022 Dans le Tanger de Candice Nguyen lu par Eric Schulthess \u2022 Carnets du froid de Candice Nguyen &#8211; Au [&hellip;]<\/p>\n","protected":false},"author":3,"featured_media":21639,"parent":0,"menu_order":0,"comment_status":"closed","ping_status":"closed","template":"template-full-width.php","meta":{"footnotes":""},"class_list":["post-21634","page","type-page","status-publish","has-post-thumbnail","hentry"],"aioseo_notices":[],"_links":{"self":[{"href":"https:\/\/www.candice-nguyen.com\/fragments\/wp-json\/wp\/v2\/pages\/21634","targetHints":{"allow":["GET"]}}],"collection":[{"href":"https:\/\/www.candice-nguyen.com\/fragments\/wp-json\/wp\/v2\/pages"}],"about":[{"href":"https:\/\/www.candice-nguyen.com\/fragments\/wp-json\/wp\/v2\/types\/page"}],"author":[{"embeddable":true,"href":"https:\/\/www.candice-nguyen.com\/fragments\/wp-json\/wp\/v2\/users\/3"}],"replies":[{"embeddable":true,"href":"https:\/\/www.candice-nguyen.com\/fragments\/wp-json\/wp\/v2\/comments?post=21634"}],"version-history":[{"count":13,"href":"https:\/\/www.candice-nguyen.com\/fragments\/wp-json\/wp\/v2\/pages\/21634\/revisions"}],"predecessor-version":[{"id":22451,"href":"https:\/\/www.candice-nguyen.com\/fragments\/wp-json\/wp\/v2\/pages\/21634\/revisions\/22451"}],"wp:featuredmedia":[{"embeddable":true,"href":"https:\/\/www.candice-nguyen.com\/fragments\/wp-json\/wp\/v2\/media\/21639"}],"wp:attachment":[{"href":"https:\/\/www.candice-nguyen.com\/fragments\/wp-json\/wp\/v2\/media?parent=21634"}],"curies":[{"name":"wp","href":"https:\/\/api.w.org\/{rel}","templated":true}]}}

<p style="text-align: justify; font-family: courier; padding-right: 10px;">_parce que ce site n&#8217;existerait pas sans musique : <a target="_blank" href="https://open.spotify.com/user/candicek/playlist/1Mfx0Gtu9yRK7r4r8Wqg4D?si=hCk5ghwHQjCmNmL8a0D7ig">toute la bande son ici</a></p>
<p>&nbsp;</p>
<p style="text-align: justify; font-family: courier; padding-right: 10px;">_bribes sonores, chroniques, projets en cours — à écouter au lever du jour ou préférablement son crépuscule</p>
<p><iframe loading="lazy" width="100%" height="450" scrolling="no" frameborder="no" allow="autoplay" src="https://w.soundcloud.com/player/?url=https%3A//api.soundcloud.com/playlists/379407245&#038;color=%2357577a&#038;auto_play=false&#038;hide_related=false&#038;show_comments=true&#038;show_user=true&#038;show_reposts=false&#038;show_teaser=true&#038;visual=true"></iframe></p>
<p>&nbsp;</p>
<p style="text-align: left; font-family: courier; padding-right: 10px;">Plus d&#8217;informations<br />
• <a href="https://carnetdemarseille.com/2017/11/20/au-cafe-a-langlaise-avec-candice-nguyen/" rel="noopener" target="_blank">Dans le Tanger de Candice Nguyen</a> <em>lu par Eric Schulthess</em><br />
• <a href="https://carnetdemarseille.com/2017/01/13/au-pays-des-lichens-et-des-baleines/" rel="noopener" target="_blank">Carnets du froid de Candice Nguyen &#8211; Au pays des lichens et des baleines</a> <em>lu par Eric Schulthess</em>
</p>
<p>&nbsp;</p>

<p>_parce que ce site n&#8217;existerait pas sans musique : toute la bande son ici &nbsp; _bribes sonores, chroniques, projets en cours — à écouter au lever du jour ou préférablement son crépuscule &nbsp; Plus d&#8217;informations • Dans le Tanger de Candice Nguyen lu par Eric Schulthess • Carnets du froid de Candice Nguyen &#8211; Au [&hellip;]</p>
