{"id":436,"date":"2012-08-19T14:45:48","date_gmt":"2012-08-19T14:45:48","guid":{"rendered":"http:\/\/candicenguyen.wordpress.com\/?page_id=436"},"modified":"2023-02-22T09:44:38","modified_gmt":"2023-02-22T08:44:38","slug":"ou-sont-les-corps","status":"publish","type":"page","link":"https:\/\/www.candice-nguyen.com\/fragments\/chantiers\/il-a-dix-neuf-ou-peut-etre-vingt-ans\/la-recherche\/ou-sont-les-corps\/","title":{"rendered":"O\u00f9 sont les corps (1)"},"content":{"rendered":"<div class=\"compact_audio_player_wrapper\"><div class=\"sc_player_container1\"><input type=\"button\" id=\"btnplay_69f0dd19988d39.53102879\" class=\"myButton_play\" onClick=\"play_mp3('play','69f0dd19988d39.53102879','https:\/\/www.candice-nguyen.com\/wp-content\/uploads\/2013\/01\/LikeDrowningwithastone.mp3','80','false');show_hide('play','69f0dd19988d39.53102879');\" \/><input type=\"button\"  id=\"btnstop_69f0dd19988d39.53102879\" style=\"display:none\" class=\"myButton_stop\" onClick=\"play_mp3('stop','69f0dd19988d39.53102879','','80','false');show_hide('stop','69f0dd19988d39.53102879');\" \/><div id=\"sm2-container\"><!-- flash movie ends up here --><\/div><\/div><\/div>        <script type=\"text\/javascript\" charset=\"utf-8\">\n        soundManager.setup({\n            url: \"https:\/\/www.candice-nguyen.com\/fragments\/wp-content\/plugins\/compact-wp-audio-player\/swf\/soundmanager2.swf\",\n            onready: function() {\n                var mySound = soundManager.createSound({\n                    id: \"btnplay_69f0dd19988d39.53102879\",\n                    volume: \"80\",\n                    url: \"https:\/\/www.candice-nguyen.com\/wp-content\/uploads\/2013\/01\/LikeDrowningwithastone.mp3\"\n                });\n                var auto_loop = \"false\";\n                mySound.play({\n                    onfinish: function() {\n                        if (auto_loop == \"true\") {\n                            loopSound(\"btnplay_69f0dd19988d39.53102879\");\n                        } else {\n                            document.getElementById(\"btnplay_69f0dd19988d39.53102879\").style.display = \"inline\";\n                            document.getElementById(\"btnstop_69f0dd19988d39.53102879\").style.display = \"none\";\n                        }\n                    }\n                });\n                document.getElementById(\"btnplay_69f0dd19988d39.53102879\").style.display = \"none\";\n                document.getElementById(\"btnstop_69f0dd19988d39.53102879\").style.display = \"inline\";\n            },\n            ontimeout: function() {\n                \/\/ SM2 could not start. Missing SWF? Flash blocked? Show an error.\n                alert(\"Error! Audio player failed to load.\");\n            }\n        });\n        <\/script>\n         <span style=\"font-size: 110%; line-height: 1.5em; font-family: Oswald; font-weight: 300\">Syd Matters &#8211; Like drowning with a stone<\/span><\/p>\n<p style=\"font-size: 150%; line-height: 1.5em; font-family: Oswald; font-weight: 300; padding-left: 80px; padding-right: 80px; text-align: justify;\">o\u00f9 sont les corps dans les plaines les arbres o\u00f9 sont-ils eux qui creusent le silence mortel et nos pas l&#8217;un apr\u00e8s l&#8217;autre vers eux tr\u00e9buchant le brouillard qui aveuglent qui rameutent et qui peine les sentiers des montagnes qui chantent leurs jambes leurs bras o\u00f9 sont-ils dans les plaines les arbres et la nuit lourde si lourde tellement lourde la terre rouge notre oripeau sur nos fronts nos tibias dans nos paumes cette glaise et le froid o\u00f9 sont-ils derri\u00e8re les caf\u00e9iers les th\u00e9iers en mille miettes d\u00e9rob\u00e9s sous les ponts sur les ponts l&#8217;odeur de souffre hallucin\u00e9e o\u00f9 sont-ils rouges noirs invisibles \u00e9vapor\u00e9s dans le silence qui hurle la nuit lourde si lourde les vall\u00e9es et les corps dans les plaines les arbres o\u00f9 sont-ils eux qui creusent ce silence mortel et nos pas l&#8217;un apr\u00e8s l&#8217;autre vers eux tr\u00e9buchant le brouillard qui aveuglent qui rameutent et qui peine o\u00f9 sont-ils les&#8230;<\/p>\n<p>&nbsp;<\/p>\n<p style=\"text-align: center;\"><a href=\"https:\/\/www.candice-nguyen.com\/wp-content\/uploads\/2012\/08\/DSC006081-1024x685.jpg\" data-rel=\"lightbox-gallery-fZlcyv0V\" data-rl_title=\"\" data-rl_caption=\"\" title=\"\"><img decoding=\"async\" src=\"https:\/\/www.candice-nguyen.com\/wp-content\/uploads\/2012\/08\/DSC006081-1024x685.jpg\" alt=\"\u00a9 candice nguyen\" width=\"500\" class=\"alignnone size-large wp-image-1743\" srcset=\"https:\/\/www.candice-nguyen.com\/fragments\/wp-content\/uploads\/2012\/08\/DSC006081-1024x685.jpg 1024w, https:\/\/www.candice-nguyen.com\/fragments\/wp-content\/uploads\/2012\/08\/DSC006081-150x100.jpg 150w, https:\/\/www.candice-nguyen.com\/fragments\/wp-content\/uploads\/2012\/08\/DSC006081-500x334.jpg 500w, https:\/\/www.candice-nguyen.com\/fragments\/wp-content\/uploads\/2012\/08\/DSC006081-700x468.jpg 700w, https:\/\/www.candice-nguyen.com\/fragments\/wp-content\/uploads\/2012\/08\/DSC006081-332x222.jpg 332w\" sizes=\"(max-width: 1024px) 100vw, 1024px\" \/><\/a><\/p>\n<p style=\"text-align: center;\"><a href=\"https:\/\/www.candice-nguyen.com\/wp-content\/uploads\/2012\/08\/DSC00609-1024x685.jpg\" data-rel=\"lightbox-gallery-fZlcyv0V\" data-rl_title=\"\" data-rl_caption=\"\" title=\"\"><img decoding=\"async\" src=\"https:\/\/www.candice-nguyen.com\/wp-content\/uploads\/2012\/08\/DSC00609-1024x685.jpg\" alt=\"\u00a9 candice nguyen\" width=\"500\" class=\"alignnone size-large wp-image-1745\" srcset=\"https:\/\/www.candice-nguyen.com\/fragments\/wp-content\/uploads\/2012\/08\/DSC00609-1024x685.jpg 1024w, https:\/\/www.candice-nguyen.com\/fragments\/wp-content\/uploads\/2012\/08\/DSC00609-150x100.jpg 150w, https:\/\/www.candice-nguyen.com\/fragments\/wp-content\/uploads\/2012\/08\/DSC00609-500x334.jpg 500w, https:\/\/www.candice-nguyen.com\/fragments\/wp-content\/uploads\/2012\/08\/DSC00609-700x468.jpg 700w, https:\/\/www.candice-nguyen.com\/fragments\/wp-content\/uploads\/2012\/08\/DSC00609-332x222.jpg 332w\" sizes=\"(max-width: 1024px) 100vw, 1024px\" \/><\/a><\/p>\n<p>&nbsp;<\/p>\n<h3 style=\"text-align: center;\">dans les plaines les arbres o\u00f9 sont-ils<\/h3>\n<p>&nbsp;<\/p>\n<p style=\"text-align: center;\"><a href=\"https:\/\/www.candice-nguyen.com\/wp-content\/uploads\/2012\/08\/DSC00611-1024x685.jpg\" data-rel=\"lightbox-gallery-fZlcyv0V\" data-rl_title=\"\" data-rl_caption=\"\" title=\"\"><img decoding=\"async\" src=\"https:\/\/www.candice-nguyen.com\/wp-content\/uploads\/2012\/08\/DSC00611-1024x685.jpg\" alt=\"\u00a9 candice nguyen\" width=\"500\" class=\"alignnone size-large wp-image-1747\" srcset=\"https:\/\/www.candice-nguyen.com\/fragments\/wp-content\/uploads\/2012\/08\/DSC00611-1024x685.jpg 1024w, https:\/\/www.candice-nguyen.com\/fragments\/wp-content\/uploads\/2012\/08\/DSC00611-150x100.jpg 150w, https:\/\/www.candice-nguyen.com\/fragments\/wp-content\/uploads\/2012\/08\/DSC00611-500x334.jpg 500w, https:\/\/www.candice-nguyen.com\/fragments\/wp-content\/uploads\/2012\/08\/DSC00611-700x468.jpg 700w, https:\/\/www.candice-nguyen.com\/fragments\/wp-content\/uploads\/2012\/08\/DSC00611-332x222.jpg 332w\" sizes=\"(max-width: 1024px) 100vw, 1024px\" \/><\/a><\/p>\n<p style=\"text-align: center;\"><a href=\"https:\/\/www.candice-nguyen.com\/wp-content\/uploads\/2012\/08\/DSC00610-1024x685.jpg\" data-rel=\"lightbox-gallery-fZlcyv0V\" data-rl_title=\"\" data-rl_caption=\"\" title=\"\"><img decoding=\"async\" src=\"https:\/\/www.candice-nguyen.com\/wp-content\/uploads\/2012\/08\/DSC00610-1024x685.jpg\" alt=\"\u00a9 candice nguyen\" width=\"500\" class=\"alignnone size-large wp-image-1746\" srcset=\"https:\/\/www.candice-nguyen.com\/fragments\/wp-content\/uploads\/2012\/08\/DSC00610-1024x685.jpg 1024w, https:\/\/www.candice-nguyen.com\/fragments\/wp-content\/uploads\/2012\/08\/DSC00610-150x100.jpg 150w, https:\/\/www.candice-nguyen.com\/fragments\/wp-content\/uploads\/2012\/08\/DSC00610-500x334.jpg 500w, https:\/\/www.candice-nguyen.com\/fragments\/wp-content\/uploads\/2012\/08\/DSC00610-700x468.jpg 700w, https:\/\/www.candice-nguyen.com\/fragments\/wp-content\/uploads\/2012\/08\/DSC00610-332x222.jpg 332w\" sizes=\"(max-width: 1024px) 100vw, 1024px\" \/><\/a><\/p>\n<p>&nbsp;<\/p>\n<p style=\"text-align: center;\"><a href=\"\/fragments\/chantiers\/il-a-dix-neuf-ou-peut-etre-vingt-ans\/la-recherche\/\">\u2190<\/a> \u2022 <a href=\"\/fragments\/chantiers\/il-a-dix-neuf-ou-peut-etre-vingt-ans\/la-recherche\/dans-la-terre-qui-brule\/\/\">\u2192<\/a><\/p>\n","protected":false},"excerpt":{"rendered":"<p>Syd Matters &#8211; Like drowning with a stone o\u00f9 sont les corps dans les plaines les arbres o\u00f9 sont-ils eux qui creusent le silence mortel et nos pas l&#8217;un apr\u00e8s l&#8217;autre vers eux tr\u00e9buchant le brouillard qui aveuglent qui rameutent et qui peine les sentiers des montagnes qui chantent leurs jambes leurs bras o\u00f9 sont-ils [&hellip;]<\/p>\n","protected":false},"author":3,"featured_media":1746,"parent":519,"menu_order":1,"comment_status":"closed","ping_status":"closed","template":"","meta":{"footnotes":""},"class_list":["post-436","page","type-page","status-publish","has-post-thumbnail","hentry"],"aioseo_notices":[],"_links":{"self":[{"href":"https:\/\/www.candice-nguyen.com\/fragments\/wp-json\/wp\/v2\/pages\/436","targetHints":{"allow":["GET"]}}],"collection":[{"href":"https:\/\/www.candice-nguyen.com\/fragments\/wp-json\/wp\/v2\/pages"}],"about":[{"href":"https:\/\/www.candice-nguyen.com\/fragments\/wp-json\/wp\/v2\/types\/page"}],"author":[{"embeddable":true,"href":"https:\/\/www.candice-nguyen.com\/fragments\/wp-json\/wp\/v2\/users\/3"}],"replies":[{"embeddable":true,"href":"https:\/\/www.candice-nguyen.com\/fragments\/wp-json\/wp\/v2\/comments?post=436"}],"version-history":[{"count":20,"href":"https:\/\/www.candice-nguyen.com\/fragments\/wp-json\/wp\/v2\/pages\/436\/revisions"}],"predecessor-version":[{"id":23077,"href":"https:\/\/www.candice-nguyen.com\/fragments\/wp-json\/wp\/v2\/pages\/436\/revisions\/23077"}],"up":[{"embeddable":true,"href":"https:\/\/www.candice-nguyen.com\/fragments\/wp-json\/wp\/v2\/pages\/519"}],"wp:featuredmedia":[{"embeddable":true,"href":"https:\/\/www.candice-nguyen.com\/fragments\/wp-json\/wp\/v2\/media\/1746"}],"wp:attachment":[{"href":"https:\/\/www.candice-nguyen.com\/fragments\/wp-json\/wp\/v2\/media?parent=436"}],"curies":[{"name":"wp","href":"https:\/\/api.w.org\/{rel}","templated":true}]}}