{"id":445,"date":"2012-08-19T14:52:02","date_gmt":"2012-08-19T14:52:02","guid":{"rendered":"http:\/\/candicenguyen.wordpress.com\/?page_id=445"},"modified":"2025-12-29T20:53:48","modified_gmt":"2025-12-29T19:53:48","slug":"vibre-encore-sous-mes-pores-la-louve-abattue","status":"publish","type":"page","link":"https:\/\/www.candice-nguyen.com\/fragments\/chantiers\/il-a-dix-neuf-ou-peut-etre-vingt-ans\/la-recherche\/vibre-encore-sous-mes-pores-la-louve-abattue\/","title":{"rendered":"Vibre encore sous mes pores la louve abattue (3)"},"content":{"rendered":"<p style=\"font-size: 100%; line-height: 1.5em; font-family: courier; padding-left: 40px; padding-right: 40px; text-align: justify;\">_making-of de cette chronique publi\u00e9e dans<a href=\"https:\/\/www.lautrequotidien.fr\/articles\/2017\/1\/6\/indochine-45-vibre-encore-sous-mes-pores-la-louve-abattue-par-candice-nguyen\" target=\"_blank\" rel=\"noopener\"> L&#8217;Autre Quotidien<\/a><\/p>\n<p style=\"font-size: 100%; line-height: 1.5em; font-family: courier; padding-left: 40px; padding-right: 40px; text-align: justify;\">Nous \u00e9tions dans les hauteurs de Sapa, Nord Vietnam, pr\u00e8s de la fronti\u00e8re chinoise. Apr\u00e8s un mini trek quelque peu compliqu\u00e9 pour moi dans les montagnes (de l&#8217;asthme fort encore une fois et surtout, beaucoup trop de charges \u00e9motionnelles li\u00e9es \u00e0 ce voyage particulier \u00e0 la fois familial et dans le temps distordu), nous \u00e9tions enfin arriv\u00e9es chez l&#8217;habitant chez qui nous devions dormir, ma s\u0153ur, ma m\u00e8re et moi.<\/p>\n<p style=\"font-size: 100%; line-height: 1.5em; font-family: courier; padding-left: 40px; padding-right: 40px; text-align: justify;\">Le soir, assises en demi-cercle autour du feu qui tr\u00f4nait l\u00e0 dans la cuisine, dans cet int\u00e9rieur fait de roche polie et de bois, un Autrichien m&#8217;avait fait une s\u00e9ance de magn\u00e9tisme pour calmer cet asthme et ce poids (lourd tr\u00e8s lourd, de tristesse et d&#8217;\u00e9motions qui me submergeait alors), il me parlait en allemand, je traduisais en fran\u00e7ais, ma m\u00e8re traduisait \u00e0 son tour en vietnamien \u00e0 la guide qui nous accompagnait alors et qui traduisait \u00e0 notre h\u00f4te dans le dialecte Hmong \u2013 puisque nous \u00e9tions chez les Hmong noirs, une des 54 ethnies qui peuplent le Vietnam (chacune ayant leurs langues et coutumes propres).<br \/>\nTout \u00e7a pour expliquer un peu le flou surr\u00e9aliste dans lequel j&#8217;\u00e9tais plong\u00e9e en ces heures-l\u00e0, entre la fi\u00e8vre et ces nappes de traductions superpos\u00e9es o\u00f9 les langues et les v\u00e9cus de chacun se m\u00e9langent, tentant de communiquer, laissant \u00e9videmment passer des choses, des malentendus, des incompr\u00e9hensions, des curiosit\u00e9s.<\/p>\n<p style=\"font-size: 100%; line-height: 1.5em; font-family: courier; padding-left: 40px; padding-right: 40px; text-align: justify;\">La vieille femme Hmong nous raconta alors un peu plus tard qu&#8217;aux fronti\u00e8res, les jeunes filles disparaissent souvent, embarqu\u00e9es par des inconnus, des rapts aux fronti\u00e8res de petites filles \u00e0 peine \u00e9closes \u00e0 la vie. C&#8217;\u00e9tait le cas de sa derni\u00e8re enfant, un jour partie en balade et jamais revenue.<br \/>\nCette vieille femme dont je ne comprenais pas la langue mais dont les larmes sont universelles, j&#8217;y ai repens\u00e9 des ann\u00e9es apr\u00e8s, alors que j&#8217;\u00e9tais de retour \u00e0 Marseille, bien au chaud, prot\u00e9g\u00e9e, et puis vint cette chronique qui m\u00e9lange alors nos voix, de m\u00e8res, de filles, de femmes, d&#8217;enfants.<br \/>\nMon texte est un peu obscur, par trop litt\u00e9raire, mais je crois qu&#8217;il s&#8217;agit l\u00e0 plut\u00f4t d&#8217;une sorte de chant, de pri\u00e8re, floue et \u00e0 br\u00fbler comme de l&#8217;encens.<\/p>\n<hr>\n<div class=\"compact_audio_player_wrapper\"><div class=\"sc_player_container1\"><input type=\"button\" id=\"btnplay_69f08d40aeeb49.56561758\" class=\"myButton_play\" onClick=\"play_mp3('play','69f08d40aeeb49.56561758','http:\/\/www.candice-nguyen.com\/wp-content\/uploads\/2013\/01\/Opening.MP3','80','false');show_hide('play','69f08d40aeeb49.56561758');\" \/><input type=\"button\"  id=\"btnstop_69f08d40aeeb49.56561758\" style=\"display:none\" class=\"myButton_stop\" onClick=\"play_mp3('stop','69f08d40aeeb49.56561758','','80','false');show_hide('stop','69f08d40aeeb49.56561758');\" \/><div id=\"sm2-container\"><!-- flash movie ends up here --><\/div><\/div><\/div>        <script type=\"text\/javascript\" charset=\"utf-8\">\n        soundManager.setup({\n            url: \"https:\/\/www.candice-nguyen.com\/fragments\/wp-content\/plugins\/compact-wp-audio-player\/swf\/soundmanager2.swf\",\n            onready: function() {\n                var mySound = soundManager.createSound({\n                    id: \"btnplay_69f08d40aeeb49.56561758\",\n                    volume: \"80\",\n                    url: \"http:\/\/www.candice-nguyen.com\/wp-content\/uploads\/2013\/01\/Opening.MP3\"\n                });\n                var auto_loop = \"false\";\n                mySound.play({\n                    onfinish: function() {\n                        if (auto_loop == \"true\") {\n                            loopSound(\"btnplay_69f08d40aeeb49.56561758\");\n                        } else {\n                            document.getElementById(\"btnplay_69f08d40aeeb49.56561758\").style.display = \"inline\";\n                            document.getElementById(\"btnstop_69f08d40aeeb49.56561758\").style.display = \"none\";\n                        }\n                    }\n                });\n                document.getElementById(\"btnplay_69f08d40aeeb49.56561758\").style.display = \"none\";\n                document.getElementById(\"btnstop_69f08d40aeeb49.56561758\").style.display = \"inline\";\n            },\n            ontimeout: function() {\n                \/\/ SM2 could not start. Missing SWF? Flash blocked? Show an error.\n                alert(\"Error! Audio player failed to load.\");\n            }\n        });\n        <\/script>\n         <span style=\"font-size: 100%; font-family: Oswald; font-weight: 300; \"> Philip Glass &#8211; Opening<\/span> <\/p>\n<p style=\"font-size: 130%; line-height: 1.5em; font-family: Oswald; font-weight: 300; padding-left: 80px; padding-right: 80px; text-align: justify;\">c\u0153ur vibre encore sous mes pores de la louve abattue cette femme qui pleure la petite aux fronti\u00e8res perdue<\/p>\n<p style=\"font-size: 130%; line-height: 1.5em; font-family: Oswald; font-weight: 300; padding-left: 80px; padding-right: 80px; text-align: justify;\">son visage de m\u00e8re ne pas non ne pas le photographier et depuis l&#8217;effacer contours de son visage flottent s&#8217;emparent des traits de toutes et pour elles parle encore louve r\u00e9sign\u00e9e<\/p>\n<p style=\"font-size: 130%; line-height: 1.5em; font-family: Oswald; font-weight: 300; padding-left: 80px; padding-right: 80px; text-align: justify;\"><em>les hommes des \u00e9trangers ou peut-\u00eatre nos fr\u00e8res dans ce rapt embarqu\u00e9s vers o\u00f9 disparaissent une \u00e0 une les fleurs des montagnes aube de nos chairs la derni\u00e8re aux fronti\u00e8res envol\u00e9e<\/em><\/p>\n<p style=\"font-size: 130%; line-height: 1.5em; font-family: Oswald; font-weight: 300; padding-left: 80px; padding-right: 80px; text-align: justify;\">je l&#8217;entends encore r\u00e9sonner nu\u00e9e vibre par del\u00e0 les mers et les temps jusqu&#8217;ici cette chaise elle parle encore louve r\u00e9sign\u00e9e<\/p>\n<p style=\"font-size: 130%; line-height: 1.5em; font-family: Oswald; font-weight: 300; padding-left: 80px; padding-right: 80px; text-align: justify;\"><em>la petite derni\u00e8re perdue entre les montagnes ou quelque part plus loin \u00e0 la ville descendue entre les mains de qui entre les mains de qui es-tu<\/em><\/p>\n<p style=\"font-size: 130%; line-height: 1.5em; font-family: Oswald; font-weight: 300; padding-left: 80px; padding-right: 80px; text-align: justify;\">pleure la petite et l&#8217;espoir perdu sous mes pores vibre encore le rapt des petites fleurs perdues<\/p>\n<p style=\"font-size: 130%; line-height: 1.5em; font-family: Oswald; font-weight: 300; padding-left: 80px; padding-right: 80px; text-align: justify;\"><em>un matin elle n&#8217;est pas revenue un matin comme celui-l\u00e0 calme comme celui o\u00f9 tu as trouv\u00e9 mon chemin entre les montagnes et les eaux tout l\u00e0-haut<\/em><\/p>\n<p style=\"font-size: 130%; line-height: 1.5em; font-family: Oswald; font-weight: 300; padding-left: 80px; padding-right: 80px; text-align: justify;\"><em>des hommes des \u00e9trangers \u00e0 la fronti\u00e8re ils se servent ils se servent et cueillent les fleurs \u00e0 peine \u00e9closes souvent encore fr\u00eales bourgeons sur leur c\u0153ur tous resserr\u00e9s<\/em><\/p>\n<p style=\"font-size: 130%; line-height: 1.5em; font-family: Oswald; font-weight: 300; padding-left: 80px; padding-right: 80px; text-align: justify;\">je r\u00eave alors qu&#8217;elle chante qu&#8217;elle me dit tout cela de plus pour elles pour toutes pour les m\u00e8res les louves les fleurs face mer et face toits qui pleurent ici jusque l\u00e0<\/p>\n<p style=\"font-size: 130%; line-height: 1.5em; font-family: Oswald; font-weight: 300; padding-left: 80px; padding-right: 80px; text-align: justify;\"><em>un jour tu t&#8217;\u00e9chappes la soupe au chaud une natte et notre maison nous oublierons et reprendrons le chemin des rivi\u00e8res coule coule l&#8217;or\u00e9e des for\u00eats et le calme des bufflonnes reviens petite reviens \u00e0 la fronti\u00e8re en haut des montagnes notre maison et tes s\u0153urs envol\u00e9es<\/em><\/p>\n<p style=\"font-size: 130%; line-height: 1.5em; font-family: Oswald; font-weight: 300; padding-left: 80px; padding-right: 80px; text-align: justify;\">cours petite cours sur ton chemin mords frappe abats et saigne ces hommes ces \u00e9trangers et nos fr\u00e8res embarqu\u00e9s cours petite cours jusqu&#8217;\u00e0 ce que le souffle te l\u00e2che ta m\u00e8re \u00e0 tes c\u00f4t\u00e9s dans les c\u00f4tes mords frappe et bats les trottoirs les passants et la ville que saignent les campagnes sous tes pieds<\/p>\n<p style=\"font-size: 130%; line-height: 1.5em; font-family: Oswald; font-weight: 300; padding-left: 80px; padding-right: 80px; text-align: justify;\">cours petite cours retrouve le fleuve et longe les eaux traverse les for\u00eats les fronti\u00e8res tes s\u0153urs avec toi envol\u00e9es et cette grotte une nuit pour reposer tes lames et tes cuisses couleur du th\u00e9 cours petite cours reviens au matin dans les montagnes pr\u00e8s de nous le chaud et l&#8217;or\u00e9e des for\u00eats<\/p>\n<p style=\"font-size: 130%; line-height: 1.5em; font-family: Oswald; font-weight: 300; padding-left: 80px; padding-right: 80px; text-align: justify;\">mais quels mots pour le dire barrage de la langue et surtout quoi dans cette vie<\/p>\n<p><a href=\"https:\/\/www.candice-nguyen.com\/wp-content\/uploads\/2012\/08\/DSC00775.jpg\" data-rel=\"lightbox-gallery-cE9T9wVO\" data-rl_title=\"\" data-rl_caption=\"\" title=\"\"><img decoding=\"async\" class=\"aligncenter size-large wp-image-2292\" src=\"https:\/\/www.candice-nguyen.com\/wp-content\/uploads\/2012\/08\/DSC00775-630x421.jpg\" alt=\"c\u0153ur vibre encore\" width=\"550\" srcset=\"https:\/\/www.candice-nguyen.com\/fragments\/wp-content\/uploads\/2012\/08\/DSC00775-630x421.jpg 630w, https:\/\/www.candice-nguyen.com\/fragments\/wp-content\/uploads\/2012\/08\/DSC00775-140x93.jpg 140w, https:\/\/www.candice-nguyen.com\/fragments\/wp-content\/uploads\/2012\/08\/DSC00775-315x210.jpg 315w, https:\/\/www.candice-nguyen.com\/fragments\/wp-content\/uploads\/2012\/08\/DSC00775-700x468.jpg 700w, https:\/\/www.candice-nguyen.com\/fragments\/wp-content\/uploads\/2012\/08\/DSC00775-332x222.jpg 332w, https:\/\/www.candice-nguyen.com\/fragments\/wp-content\/uploads\/2012\/08\/DSC00775.jpg 1024w\" sizes=\"(max-width: 630px) 100vw, 630px\" \/><\/a><a href=\"https:\/\/www.candice-nguyen.com\/wp-content\/uploads\/2012\/08\/DSC007771.jpg\" data-rel=\"lightbox-gallery-cE9T9wVO\" data-rl_title=\"\" data-rl_caption=\"\" title=\"\"><img decoding=\"async\" class=\"aligncenter size-large wp-image-2293\" src=\"https:\/\/www.candice-nguyen.com\/wp-content\/uploads\/2012\/08\/DSC007771-630x421.jpg\" alt=\"sous les pores de la louve abattue\" width=\"550\" srcset=\"https:\/\/www.candice-nguyen.com\/fragments\/wp-content\/uploads\/2012\/08\/DSC007771-630x421.jpg 630w, https:\/\/www.candice-nguyen.com\/fragments\/wp-content\/uploads\/2012\/08\/DSC007771-140x93.jpg 140w, https:\/\/www.candice-nguyen.com\/fragments\/wp-content\/uploads\/2012\/08\/DSC007771-315x210.jpg 315w, https:\/\/www.candice-nguyen.com\/fragments\/wp-content\/uploads\/2012\/08\/DSC007771-700x468.jpg 700w, https:\/\/www.candice-nguyen.com\/fragments\/wp-content\/uploads\/2012\/08\/DSC007771-332x222.jpg 332w, https:\/\/www.candice-nguyen.com\/fragments\/wp-content\/uploads\/2012\/08\/DSC007771.jpg 1024w\" sizes=\"(max-width: 630px) 100vw, 630px\" \/><\/a><\/p>\n<p style=\"text-align: center;\"><a href=\"\/fragments\/chantiers\/il-a-dix-neuf-ou-peut-etre-vingt-ans\/la-recherche\/dans-la-terre-qui-brule\/\">\u2190<\/a> \u2022 <a href=\"\/fragments\/chantiers\/il-a-dix-neuf-ou-peut-etre-vingt-ans\/la-recherche\/lindigo-a-leurs-mains-melange\/\">\u2192<\/a><\/p>\n","protected":false},"excerpt":{"rendered":"<p>_making-of de cette chronique publi\u00e9e dans L&#8217;Autre Quotidien Nous \u00e9tions dans les hauteurs de Sapa, Nord Vietnam, pr\u00e8s de la fronti\u00e8re chinoise. Apr\u00e8s un mini trek quelque peu compliqu\u00e9 pour moi dans les montagnes (de l&#8217;asthme fort encore une fois et surtout, beaucoup trop de charges \u00e9motionnelles li\u00e9es \u00e0 ce voyage particulier \u00e0 la fois [&hellip;]<\/p>\n","protected":false},"author":3,"featured_media":2292,"parent":519,"menu_order":3,"comment_status":"closed","ping_status":"closed","template":"","meta":{"footnotes":""},"class_list":["post-445","page","type-page","status-publish","has-post-thumbnail","hentry"],"aioseo_notices":[],"_links":{"self":[{"href":"https:\/\/www.candice-nguyen.com\/fragments\/wp-json\/wp\/v2\/pages\/445","targetHints":{"allow":["GET"]}}],"collection":[{"href":"https:\/\/www.candice-nguyen.com\/fragments\/wp-json\/wp\/v2\/pages"}],"about":[{"href":"https:\/\/www.candice-nguyen.com\/fragments\/wp-json\/wp\/v2\/types\/page"}],"author":[{"embeddable":true,"href":"https:\/\/www.candice-nguyen.com\/fragments\/wp-json\/wp\/v2\/users\/3"}],"replies":[{"embeddable":true,"href":"https:\/\/www.candice-nguyen.com\/fragments\/wp-json\/wp\/v2\/comments?post=445"}],"version-history":[{"count":23,"href":"https:\/\/www.candice-nguyen.com\/fragments\/wp-json\/wp\/v2\/pages\/445\/revisions"}],"predecessor-version":[{"id":23282,"href":"https:\/\/www.candice-nguyen.com\/fragments\/wp-json\/wp\/v2\/pages\/445\/revisions\/23282"}],"up":[{"embeddable":true,"href":"https:\/\/www.candice-nguyen.com\/fragments\/wp-json\/wp\/v2\/pages\/519"}],"wp:featuredmedia":[{"embeddable":true,"href":"https:\/\/www.candice-nguyen.com\/fragments\/wp-json\/wp\/v2\/media\/2292"}],"wp:attachment":[{"href":"https:\/\/www.candice-nguyen.com\/fragments\/wp-json\/wp\/v2\/media?parent=445"}],"curies":[{"name":"wp","href":"https:\/\/api.w.org\/{rel}","templated":true}]}}

<p style="font-size: 100%; line-height: 1.5em; font-family: courier; padding-left: 40px; padding-right: 40px; text-align: justify;">_making-of de cette chronique publiée dans<a href="https://www.lautrequotidien.fr/articles/2017/1/6/indochine-45-vibre-encore-sous-mes-pores-la-louve-abattue-par-candice-nguyen" target="_blank" rel="noopener"> L&#8217;Autre Quotidien</a></p>
<p style="font-size: 100%; line-height: 1.5em; font-family: courier; padding-left: 40px; padding-right: 40px; text-align: justify;">Nous étions dans les hauteurs de Sapa, Nord Vietnam, près de la frontière chinoise. Après un mini trek quelque peu compliqué pour moi dans les montagnes (de l&#8217;asthme fort encore une fois et surtout, beaucoup trop de charges émotionnelles liées à ce voyage particulier à la fois familial et dans le temps distordu), nous étions enfin arrivées chez l&#8217;habitant chez qui nous devions dormir, ma sœur, ma mère et moi.</p>
<p style="font-size: 100%; line-height: 1.5em; font-family: courier; padding-left: 40px; padding-right: 40px; text-align: justify;">Le soir, assises en demi-cercle autour du feu qui trônait là dans la cuisine, dans cet intérieur fait de roche polie et de bois, un Autrichien m&#8217;avait fait une séance de magnétisme pour calmer cet asthme et ce poids (lourd très lourd, de tristesse et d&#8217;émotions qui me submergeait alors), il me parlait en allemand, je traduisais en français, ma mère traduisait à son tour en vietnamien à la guide qui nous accompagnait alors et qui traduisait à notre hôte dans le dialecte Hmong – puisque nous étions chez les Hmong noirs, une des 54 ethnies qui peuplent le Vietnam (chacune ayant leurs langues et coutumes propres).<br />
Tout ça pour expliquer un peu le flou surréaliste dans lequel j&#8217;étais plongée en ces heures-là, entre la fièvre et ces nappes de traductions superposées où les langues et les vécus de chacun se mélangent, tentant de communiquer, laissant évidemment passer des choses, des malentendus, des incompréhensions, des curiosités.</p>
<p style="font-size: 100%; line-height: 1.5em; font-family: courier; padding-left: 40px; padding-right: 40px; text-align: justify;">La vieille femme Hmong nous raconta alors un peu plus tard qu&#8217;aux frontières, les jeunes filles disparaissent souvent, embarquées par des inconnus, des rapts aux frontières de petites filles à peine écloses à la vie. C&#8217;était le cas de sa dernière enfant, un jour partie en balade et jamais revenue.<br />
Cette vieille femme dont je ne comprenais pas la langue mais dont les larmes sont universelles, j&#8217;y ai repensé des années après, alors que j&#8217;étais de retour à Marseille, bien au chaud, protégée, et puis vint cette chronique qui mélange alors nos voix, de mères, de filles, de femmes, d&#8217;enfants.<br />
Mon texte est un peu obscur, par trop littéraire, mais je crois qu&#8217;il s&#8217;agit là plutôt d&#8217;une sorte de chant, de prière, floue et à brûler comme de l&#8217;encens.</p>
<hr>
<div class="compact_audio_player_wrapper"><div class="sc_player_container1"><input type="button" id="btnplay_69f08d40aeeb49.56561758" class="myButton_play" onClick="play_mp3('play','69f08d40aeeb49.56561758','http://www.candice-nguyen.com/wp-content/uploads/2013/01/Opening.MP3','80','false');show_hide('play','69f08d40aeeb49.56561758');" /><input type="button"  id="btnstop_69f08d40aeeb49.56561758" style="display:none" class="myButton_stop" onClick="play_mp3('stop','69f08d40aeeb49.56561758','','80','false');show_hide('stop','69f08d40aeeb49.56561758');" /><div id="sm2-container"><!-- flash movie ends up here --></div></div></div>        <script type="text/javascript" charset="utf-8">
        soundManager.setup({
            url: "https://www.candice-nguyen.com/fragments/wp-content/plugins/compact-wp-audio-player/swf/soundmanager2.swf",
            onready: function() {
                var mySound = soundManager.createSound({
                    id: "btnplay_69f08d40aeeb49.56561758",
                    volume: "80",
                    url: "http://www.candice-nguyen.com/wp-content/uploads/2013/01/Opening.MP3"
                });
                var auto_loop = "false";
                mySound.play({
                    onfinish: function() {
                        if (auto_loop == "true") {
                            loopSound("btnplay_69f08d40aeeb49.56561758");
                        } else {
                            document.getElementById("btnplay_69f08d40aeeb49.56561758").style.display = "inline";
                            document.getElementById("btnstop_69f08d40aeeb49.56561758").style.display = "none";
                        }
                    }
                });
                document.getElementById("btnplay_69f08d40aeeb49.56561758").style.display = "none";
                document.getElementById("btnstop_69f08d40aeeb49.56561758").style.display = "inline";
            },
            ontimeout: function() {
                // SM2 could not start. Missing SWF? Flash blocked? Show an error.
                alert("Error! Audio player failed to load.");
            }
        });
        </script>
         <span style="font-size: 100%; font-family: Oswald; font-weight: 300; "> Philip Glass &#8211; Opening</span> </p>
<p style="font-size: 130%; line-height: 1.5em; font-family: Oswald; font-weight: 300; padding-left: 80px; padding-right: 80px; text-align: justify;">cœur vibre encore sous mes pores de la louve abattue cette femme qui pleure la petite aux frontières perdue</p>
<p style="font-size: 130%; line-height: 1.5em; font-family: Oswald; font-weight: 300; padding-left: 80px; padding-right: 80px; text-align: justify;">son visage de mère ne pas non ne pas le photographier et depuis l&#8217;effacer contours de son visage flottent s&#8217;emparent des traits de toutes et pour elles parle encore louve résignée</p>
<p style="font-size: 130%; line-height: 1.5em; font-family: Oswald; font-weight: 300; padding-left: 80px; padding-right: 80px; text-align: justify;"><em>les hommes des étrangers ou peut-être nos frères dans ce rapt embarqués vers où disparaissent une à une les fleurs des montagnes aube de nos chairs la dernière aux frontières envolée</em></p>
<p style="font-size: 130%; line-height: 1.5em; font-family: Oswald; font-weight: 300; padding-left: 80px; padding-right: 80px; text-align: justify;">je l&#8217;entends encore résonner nuée vibre par delà les mers et les temps jusqu&#8217;ici cette chaise elle parle encore louve résignée</p>
<p style="font-size: 130%; line-height: 1.5em; font-family: Oswald; font-weight: 300; padding-left: 80px; padding-right: 80px; text-align: justify;"><em>la petite dernière perdue entre les montagnes ou quelque part plus loin à la ville descendue entre les mains de qui entre les mains de qui es-tu</em></p>
<p style="font-size: 130%; line-height: 1.5em; font-family: Oswald; font-weight: 300; padding-left: 80px; padding-right: 80px; text-align: justify;">pleure la petite et l&#8217;espoir perdu sous mes pores vibre encore le rapt des petites fleurs perdues</p>
<p style="font-size: 130%; line-height: 1.5em; font-family: Oswald; font-weight: 300; padding-left: 80px; padding-right: 80px; text-align: justify;"><em>un matin elle n&#8217;est pas revenue un matin comme celui-là calme comme celui où tu as trouvé mon chemin entre les montagnes et les eaux tout là-haut</em></p>
<p style="font-size: 130%; line-height: 1.5em; font-family: Oswald; font-weight: 300; padding-left: 80px; padding-right: 80px; text-align: justify;"><em>des hommes des étrangers à la frontière ils se servent ils se servent et cueillent les fleurs à peine écloses souvent encore frêles bourgeons sur leur cœur tous resserrés</em></p>
<p style="font-size: 130%; line-height: 1.5em; font-family: Oswald; font-weight: 300; padding-left: 80px; padding-right: 80px; text-align: justify;">je rêve alors qu&#8217;elle chante qu&#8217;elle me dit tout cela de plus pour elles pour toutes pour les mères les louves les fleurs face mer et face toits qui pleurent ici jusque là</p>
<p style="font-size: 130%; line-height: 1.5em; font-family: Oswald; font-weight: 300; padding-left: 80px; padding-right: 80px; text-align: justify;"><em>un jour tu t&#8217;échappes la soupe au chaud une natte et notre maison nous oublierons et reprendrons le chemin des rivières coule coule l&#8217;orée des forêts et le calme des bufflonnes reviens petite reviens à la frontière en haut des montagnes notre maison et tes sœurs envolées</em></p>
<p style="font-size: 130%; line-height: 1.5em; font-family: Oswald; font-weight: 300; padding-left: 80px; padding-right: 80px; text-align: justify;">cours petite cours sur ton chemin mords frappe abats et saigne ces hommes ces étrangers et nos frères embarqués cours petite cours jusqu&#8217;à ce que le souffle te lâche ta mère à tes côtés dans les côtes mords frappe et bats les trottoirs les passants et la ville que saignent les campagnes sous tes pieds</p>
<p style="font-size: 130%; line-height: 1.5em; font-family: Oswald; font-weight: 300; padding-left: 80px; padding-right: 80px; text-align: justify;">cours petite cours retrouve le fleuve et longe les eaux traverse les forêts les frontières tes sœurs avec toi envolées et cette grotte une nuit pour reposer tes lames et tes cuisses couleur du thé cours petite cours reviens au matin dans les montagnes près de nous le chaud et l&#8217;orée des forêts</p>
<p style="font-size: 130%; line-height: 1.5em; font-family: Oswald; font-weight: 300; padding-left: 80px; padding-right: 80px; text-align: justify;">mais quels mots pour le dire barrage de la langue et surtout quoi dans cette vie</p>
<p><a href="https://www.candice-nguyen.com/wp-content/uploads/2012/08/DSC00775.jpg" data-rel="lightbox-gallery-cE9T9wVO" data-rl_title="" data-rl_caption="" title=""><img decoding="async" class="aligncenter size-large wp-image-2292" src="https://www.candice-nguyen.com/wp-content/uploads/2012/08/DSC00775-630x421.jpg" alt="cœur vibre encore" width="550" srcset="https://www.candice-nguyen.com/fragments/wp-content/uploads/2012/08/DSC00775-630x421.jpg 630w, https://www.candice-nguyen.com/fragments/wp-content/uploads/2012/08/DSC00775-140x93.jpg 140w, https://www.candice-nguyen.com/fragments/wp-content/uploads/2012/08/DSC00775-315x210.jpg 315w, https://www.candice-nguyen.com/fragments/wp-content/uploads/2012/08/DSC00775-700x468.jpg 700w, https://www.candice-nguyen.com/fragments/wp-content/uploads/2012/08/DSC00775-332x222.jpg 332w, https://www.candice-nguyen.com/fragments/wp-content/uploads/2012/08/DSC00775.jpg 1024w" sizes="(max-width: 630px) 100vw, 630px" /></a><a href="https://www.candice-nguyen.com/wp-content/uploads/2012/08/DSC007771.jpg" data-rel="lightbox-gallery-cE9T9wVO" data-rl_title="" data-rl_caption="" title=""><img decoding="async" class="aligncenter size-large wp-image-2293" src="https://www.candice-nguyen.com/wp-content/uploads/2012/08/DSC007771-630x421.jpg" alt="sous les pores de la louve abattue" width="550" srcset="https://www.candice-nguyen.com/fragments/wp-content/uploads/2012/08/DSC007771-630x421.jpg 630w, https://www.candice-nguyen.com/fragments/wp-content/uploads/2012/08/DSC007771-140x93.jpg 140w, https://www.candice-nguyen.com/fragments/wp-content/uploads/2012/08/DSC007771-315x210.jpg 315w, https://www.candice-nguyen.com/fragments/wp-content/uploads/2012/08/DSC007771-700x468.jpg 700w, https://www.candice-nguyen.com/fragments/wp-content/uploads/2012/08/DSC007771-332x222.jpg 332w, https://www.candice-nguyen.com/fragments/wp-content/uploads/2012/08/DSC007771.jpg 1024w" sizes="(max-width: 630px) 100vw, 630px" /></a></p>
<p style="text-align: center;"><a href="/fragments/chantiers/il-a-dix-neuf-ou-peut-etre-vingt-ans/la-recherche/dans-la-terre-qui-brule/">←</a> • <a href="/fragments/chantiers/il-a-dix-neuf-ou-peut-etre-vingt-ans/la-recherche/lindigo-a-leurs-mains-melange/">→</a></p>

<p>_making-of de cette chronique publiée dans L&#8217;Autre Quotidien Nous étions dans les hauteurs de Sapa, Nord Vietnam, près de la frontière chinoise. Après un mini trek quelque peu compliqué pour moi dans les montagnes (de l&#8217;asthme fort encore une fois et surtout, beaucoup trop de charges émotionnelles liées à ce voyage particulier à la fois [&hellip;]</p>
